CRAN Package Check Results for Package swgee

Last updated on 2021-09-22 02:49:50 CEST.

Flavor Version Tinstall Tcheck Ttotal Status Flags
r-devel-linux-x86_64-debian-clang 1.4 5.05 57.08 62.13 OK
r-devel-linux-x86_64-debian-gcc 1.4 3.75 41.23 44.98 OK
r-devel-linux-x86_64-fedora-clang 1.4 80.82 OK
r-devel-linux-x86_64-fedora-gcc 1.4 67.75 OK
r-devel-windows-x86_64 1.4 6.00 56.00 62.00 OK
r-devel-windows-x86_64-gcc10-UCRT 1.4 ERROR
r-patched-linux-x86_64 1.4 4.60 51.83 56.43 OK
r-patched-solaris-x86 1.4 105.50 OK
r-release-linux-x86_64 1.4 4.07 51.48 55.55 OK
r-release-macos-arm64 1.4 OK
r-release-macos-x86_64 1.4 OK
r-release-windows-ix86+x86_64 1.4 12.00 56.00 68.00 OK
r-oldrel-macos-x86_64 1.4 OK
r-oldrel-windows-ix86+x86_64 1.4 13.00 57.00 70.00 OK

Check Details

Version: 1.4
Check: whether package can be installed
Result: WARN
    Found the following significant warnings:
     WARNING: installation-time patches will not be applied, could not get the patches index
Flavor: r-devel-windows-x86_64-gcc10-UCRT

Version: 1.4
Check: PDF version of manual
Result: WARN
    LaTeX errors when creating PDF version.
    This typically indicates Rd problems.
Flavor: r-devel-windows-x86_64-gcc10-UCRT

Version: 1.4
Check: PDF version of manual without hyperrefs or index
Result: ERROR
    Re-running with no redirection of stdout/stderr.
Flavor: r-devel-windows-x86_64-gcc10-UCRT