CRAN Package Check Results for Package sybil

Last updated on 2021-10-27 02:52:52 CEST.

Flavor Version Tinstall Tcheck Ttotal Status Flags
r-devel-linux-x86_64-debian-clang 2.2.0 23.78 256.39 280.17 OK
r-devel-linux-x86_64-debian-gcc 2.2.0 21.06 188.19 209.25 OK
r-devel-linux-x86_64-fedora-clang 2.2.0 372.08 NOTE
r-devel-linux-x86_64-fedora-gcc 2.2.0 350.43 NOTE
r-devel-windows-x86_64 2.2.0 44.00 276.00 320.00 NOTE
r-devel-windows-x86_64-gcc10-UCRT 2.2.0 NOTE
r-patched-linux-x86_64 2.2.0 30.72 170.57 201.29 OK
r-patched-solaris-x86 2.2.0 334.00 NOTE
r-release-linux-x86_64 2.2.0 24.39 171.50 195.89 OK
r-release-macos-arm64 2.2.0 NOTE
r-release-macos-x86_64 2.2.0 NOTE
r-release-windows-ix86+x86_64 2.2.0 31.00 215.00 246.00 NOTE
r-oldrel-macos-x86_64 2.2.0 NOTE
r-oldrel-windows-ix86+x86_64 2.2.0 51.00 229.00 280.00 NOTE

Check Details

Version: 2.2.0
Check: package dependencies
Result: NOTE
    Package suggested but not available for checking: ‘cplexAPI’
Flavors: r-devel-linux-x86_64-fedora-clang, r-devel-linux-x86_64-fedora-gcc, r-devel-windows-x86_64, r-devel-windows-x86_64-gcc10-UCRT, r-patched-solaris-x86, r-release-windows-ix86+x86_64, r-oldrel-windows-ix86+x86_64

Version: 2.2.0
Check: package dependencies
Result: NOTE
    Packages suggested but not available for checking: 'cplexAPI', 'clpAPI'
Flavors: r-release-macos-arm64, r-release-macos-x86_64, r-oldrel-macos-x86_64