CRAN Package Check Results for Package sybilcycleFreeFlux

Last updated on 2022-01-29 02:50:04 CET.

Flavor Version Tinstall Tcheck Ttotal Status Flags
r-devel-linux-x86_64-debian-clang 2.0.2 9.66 103.67 113.33 NOTE
r-devel-linux-x86_64-debian-gcc 2.0.2 8.30 78.87 87.17 NOTE
r-devel-linux-x86_64-fedora-clang 2.0.2 134.97 NOTE
r-devel-linux-x86_64-fedora-gcc 2.0.2 124.75 NOTE
r-devel-windows-x86_64-new-UL 2.0.2 129.00 116.00 245.00 NOTE
r-devel-windows-x86_64-new-TK 2.0.2 NOTE
r-patched-linux-x86_64 2.0.2 12.48 92.47 104.95 NOTE
r-release-linux-x86_64 2.0.2 8.54 92.29 100.83 NOTE
r-release-macos-arm64 2.0.2 NOTE
r-release-macos-x86_64 2.0.2 NOTE
r-release-windows-ix86+x86_64 2.0.2 20.00 104.00 124.00 NOTE
r-oldrel-macos-x86_64 2.0.2 NOTE
r-oldrel-windows-ix86+x86_64 2.0.2 20.00 106.00 126.00 NOTE

Check Details

Version: 2.0.2
Check: package dependencies
Result: NOTE
    Package suggested but not available for checking: 'cplexAPI'
Flavors: r-devel-linux-x86_64-debian-clang, r-devel-linux-x86_64-debian-gcc, r-devel-linux-x86_64-fedora-clang, r-devel-linux-x86_64-fedora-gcc, r-devel-windows-x86_64-new-UL, r-devel-windows-x86_64-new-TK, r-patched-linux-x86_64, r-release-linux-x86_64, r-release-macos-arm64, r-release-macos-x86_64, r-release-windows-ix86+x86_64, r-oldrel-macos-x86_64, r-oldrel-windows-ix86+x86_64