Last updated on 2022-05-24 02:52:52 CEST.
Flavor | Version | Tinstall | Tcheck | Ttotal | Status | Flags |
---|---|---|---|---|---|---|
r-devel-linux-x86_64-debian-clang | 1.0.4 | 43.54 | 40.00 | 83.54 | OK | |
r-devel-linux-x86_64-debian-gcc | 1.0.4 | 36.88 | 30.65 | 67.53 | OK | |
r-devel-linux-x86_64-fedora-clang | 1.0.4 | 125.60 | OK | |||
r-devel-linux-x86_64-fedora-gcc | 1.0.4 | 103.86 | OK | |||
r-devel-windows-x86_64 | 1.0.4 | 101.00 | 91.00 | 192.00 | OK | |
r-patched-linux-x86_64 | 1.0.4 | 40.83 | 38.05 | 78.88 | OK | |
r-release-linux-x86_64 | 1.0.4 | OK | ||||
r-release-macos-arm64 | 1.0.4 | 36.00 | NOTE | |||
r-release-macos-x86_64 | 1.0.4 | 50.00 | NOTE | |||
r-release-windows-x86_64 | 1.0.4 | 115.00 | 89.00 | 204.00 | OK | |
r-oldrel-macos-arm64 | 1.0.4 | 48.00 | NOTE | |||
r-oldrel-macos-x86_64 | 1.0.4 | 93.00 | NOTE | |||
r-oldrel-windows-ix86+x86_64 | 1.0.4 | 135.00 | 81.00 | 216.00 | OK |
Version: 1.0.4
Check: installed package size
Result: NOTE
installed size is 19.2Mb
sub-directories of 1Mb or more:
libs 19.0Mb
Flavors: r-release-macos-arm64, r-release-macos-x86_64, r-oldrel-macos-arm64, r-oldrel-macos-x86_64