CRAN Package Check Results for Package tTOlr

Last updated on 2022-08-09 03:53:14 CEST.

Flavor Version Tinstall Tcheck Ttotal Status Flags
r-devel-linux-x86_64-debian-clang 0.2 3.22 31.10 34.32 NOTE
r-devel-linux-x86_64-debian-gcc 0.2 1.99 24.31 26.30 NOTE
r-devel-linux-x86_64-fedora-clang 0.2 51.77 NOTE
r-devel-linux-x86_64-fedora-gcc 0.2 51.88 NOTE
r-devel-windows-x86_64 0.2 25.00 62.00 87.00 NOTE
r-patched-linux-x86_64 0.2 2.25 30.78 33.03 NOTE
r-release-linux-x86_64 0.2 NOTE
r-release-macos-arm64 0.2 21.00 NOTE
r-release-macos-x86_64 0.2 28.00 NOTE
r-release-windows-x86_64 0.2 27.00 67.00 94.00 NOTE
r-oldrel-macos-arm64 0.2 31.00 NOTE
r-oldrel-macos-x86_64 0.2 34.00 NOTE
r-oldrel-windows-ix86+x86_64 0.2 6.00 54.00 60.00 NOTE

Check Details

Version: 0.2
Check: LazyData
Result: NOTE
     'LazyData' is specified without a 'data' directory
Flavors: r-devel-linux-x86_64-debian-clang, r-devel-linux-x86_64-debian-gcc, r-devel-linux-x86_64-fedora-clang, r-devel-linux-x86_64-fedora-gcc, r-devel-windows-x86_64, r-patched-linux-x86_64, r-release-linux-x86_64, r-release-macos-arm64, r-release-macos-x86_64, r-release-windows-x86_64, r-oldrel-macos-arm64, r-oldrel-macos-x86_64, r-oldrel-windows-ix86+x86_64

Version: 0.2
Check: dependencies in R code
Result: NOTE
    Namespace in Imports field not imported from: ‘latticeExtra’
     All declared Imports should be used.
Flavors: r-devel-linux-x86_64-fedora-clang, r-devel-linux-x86_64-fedora-gcc, r-release-macos-arm64, r-release-macos-x86_64, r-oldrel-macos-arm64, r-oldrel-macos-x86_64