CRAN Package Check Results for Package tabularmaps

Last updated on 2022-10-02 02:49:24 CEST.

Flavor Version Tinstall Tcheck Ttotal Status Flags
r-devel-linux-x86_64-debian-clang 0.1.0 5.74 67.19 72.93 OK
r-devel-linux-x86_64-debian-gcc 0.1.0 4.67 50.04 54.71 OK
r-devel-linux-x86_64-fedora-clang 0.1.0 109.80 NOTE
r-devel-linux-x86_64-fedora-gcc 0.1.0 102.31 NOTE
r-devel-windows-x86_64 0.1.0 17.00 93.00 110.00 OK
r-patched-linux-x86_64 0.1.0 5.15 62.71 67.86 OK
r-release-linux-x86_64 0.1.0 4.21 63.96 68.17 OK
r-release-macos-arm64 0.1.0 29.00 NOTE
r-release-macos-x86_64 0.1.0 49.00 NOTE
r-release-windows-x86_64 0.1.0 12.00 100.00 112.00 OK
r-oldrel-macos-arm64 0.1.0 28.00 NOTE
r-oldrel-macos-x86_64 0.1.0 52.00 NOTE
r-oldrel-windows-ix86+x86_64 0.1.0 17.00 95.00 112.00 OK

Check Details

Version: 0.1.0
Check: data for non-ASCII characters
Result: NOTE
     Note: found 81 marked UTF-8 strings
Flavors: r-devel-linux-x86_64-fedora-clang, r-devel-linux-x86_64-fedora-gcc, r-release-macos-arm64, r-release-macos-x86_64, r-oldrel-macos-arm64, r-oldrel-macos-x86_64