CRAN Package Check Results for Package tangles

Last updated on 2021-09-18 02:52:13 CEST.

Flavor Version Tinstall Tcheck Ttotal Status Flags
r-devel-linux-x86_64-debian-clang 0.8.1 8.98 91.98 100.96 OK
r-devel-linux-x86_64-debian-gcc 0.8.1 7.64 68.84 76.48 OK
r-devel-linux-x86_64-fedora-clang 0.8.1 128.57 OK
r-devel-linux-x86_64-fedora-gcc 0.8.1 116.24 OK
r-devel-windows-x86_64 0.8.1 10.00 116.00 126.00 OK
r-devel-windows-x86_64-gcc10-UCRT 0.8.1 OK
r-patched-linux-x86_64 0.8.1 8.51 86.57 95.08 OK
r-patched-solaris-x86 0.8.1 164.10 WARN
r-release-linux-x86_64 0.8.1 8.55 86.10 94.65 OK
r-release-macos-arm64 0.8.1 OK
r-release-macos-x86_64 0.8.1 OK
r-release-windows-ix86+x86_64 0.8.1 21.00 84.00 105.00 OK
r-oldrel-macos-x86_64 0.8.1 OK
r-oldrel-windows-ix86+x86_64 0.8.1 18.00 84.00 102.00 OK

Check Details

Version: 0.8.1
Check: re-building of vignette outputs
Result: WARN
    Error(s) in re-building vignettes:
     ...
    --- re-building ‘deidentification.Rmd’ using rmarkdown
    Warning in engine$weave(file, quiet = quiet, encoding = enc) :
     Pandoc (>= 1.12.3) not available. Falling back to R Markdown v1.
    Loading required package: sp
    Warning in `dim<-`(`*tmp*`, value = c(nr, nc)) :
     NAs introduced by coercion to integer range
    Quitting from lines 146-152 (deidentification.Rmd)
    Error: processing vignette 'deidentification.Rmd' failed with diagnostics:
    missing value where TRUE/FALSE needed
    --- failed re-building ‘deidentification.Rmd’
    
    SUMMARY: processing the following file failed:
     ‘deidentification.Rmd’
    
    Error: Vignette re-building failed.
    Execution halted
Flavor: r-patched-solaris-x86