CRAN Package Check Results for Package taxadb

Last updated on 2021-07-29 02:51:29 CEST.

Flavor Version Tinstall Tcheck Ttotal Status Flags
r-devel-linux-x86_64-debian-clang 0.1.3 OK
r-devel-linux-x86_64-debian-gcc 0.1.3 6.20 60.89 67.09 OK
r-devel-linux-x86_64-fedora-clang 0.1.3 108.85 NOTE
r-devel-linux-x86_64-fedora-gcc 0.1.3 95.58 NOTE
r-devel-windows-x86_64 0.1.3 13.00 105.00 118.00 OK
r-devel-windows-x86_64-gcc10-UCRT 0.1.3 NOTE
r-patched-linux-x86_64 0.1.3 7.27 74.00 81.27 OK
r-patched-solaris-x86 0.1.3 142.50 NOTE
r-release-linux-x86_64 0.1.3 6.00 74.74 80.74 OK
r-release-macos-arm64 0.1.3 NOTE
r-release-macos-x86_64 0.1.3 NOTE
r-release-windows-ix86+x86_64 0.1.3 18.00 101.00 119.00 OK
r-oldrel-macos-x86_64 0.1.3 NOTE
r-oldrel-windows-ix86+x86_64 0.1.3 15.00 105.00 120.00 OK

Check Details

Version: 0.1.3
Check: dependencies in R code
Result: NOTE
    Namespaces in Imports field not imported from:
     ‘RSQLite’ ‘duckdb’ ‘memoise’
     All declared Imports should be used.
Flavors: r-devel-linux-x86_64-fedora-clang, r-devel-linux-x86_64-fedora-gcc, r-devel-windows-x86_64-gcc10-UCRT, r-patched-solaris-x86, r-release-macos-arm64, r-release-macos-x86_64, r-oldrel-macos-x86_64