CRAN Package Check Results for Package taxlist

Last updated on 2021-09-21 02:49:28 CEST.

Flavor Version Tinstall Tcheck Ttotal Status Flags
r-devel-linux-x86_64-debian-clang 0.2.2 7.91 71.74 79.65 OK
r-devel-linux-x86_64-debian-gcc 0.2.2 6.69 52.78 59.47 OK
r-devel-linux-x86_64-fedora-clang 0.2.2 102.35 NOTE
r-devel-linux-x86_64-fedora-gcc 0.2.2 89.56 NOTE
r-devel-windows-x86_64 0.2.2 12.00 73.00 85.00 OK
r-devel-windows-x86_64-gcc10-UCRT 0.2.2 ERROR
r-patched-linux-x86_64 0.2.2 16.15 66.56 82.71 OK
r-patched-solaris-x86 0.2.2 130.40 NOTE
r-release-linux-x86_64 0.2.2 6.96 67.11 74.07 OK
r-release-macos-arm64 0.2.2 NOTE
r-release-macos-x86_64 0.2.2 NOTE
r-release-windows-ix86+x86_64 0.2.2 23.00 77.00 100.00 OK
r-oldrel-macos-x86_64 0.2.2 NOTE
r-oldrel-windows-ix86+x86_64 0.2.2 19.00 73.00 92.00 OK

Check Details

Version: 0.2.2
Check: dependencies in R code
Result: NOTE
    Namespace in Imports field not imported from: ‘taxa’
     All declared Imports should be used.
Flavors: r-devel-linux-x86_64-fedora-clang, r-devel-linux-x86_64-fedora-gcc, r-patched-solaris-x86, r-release-macos-arm64, r-release-macos-x86_64, r-oldrel-macos-x86_64

Version: 0.2.2
Check: data for non-ASCII characters
Result: NOTE
     Note: found 137 marked UTF-8 strings
Flavors: r-devel-linux-x86_64-fedora-clang, r-devel-linux-x86_64-fedora-gcc, r-patched-solaris-x86, r-release-macos-arm64, r-release-macos-x86_64, r-oldrel-macos-x86_64

Version: 0.2.2
Check: package dependencies
Result: ERROR
    Package required but not available: 'taxize'
    
    See section 'The DESCRIPTION file' in the 'Writing R Extensions'
    manual.
Flavor: r-devel-windows-x86_64-gcc10-UCRT