CRAN Package Check Results for Package teachingApps

Last updated on 2021-07-29 02:51:29 CEST.

Flavor Version Tinstall Tcheck Ttotal Status Flags
r-devel-linux-x86_64-debian-clang 1.0.8 NOTE
r-devel-linux-x86_64-debian-gcc 1.0.8 158.31 75.74 234.05 NOTE
r-devel-linux-x86_64-fedora-clang 1.0.8 504.10 NOTE
r-devel-linux-x86_64-fedora-gcc 1.0.8 433.43 NOTE
r-devel-windows-x86_64 1.0.8 280.00 131.00 411.00 NOTE
r-devel-windows-x86_64-gcc10-UCRT 1.0.8 NOTE
r-patched-linux-x86_64 1.0.8 194.06 94.55 288.61 NOTE
r-patched-solaris-x86 1.0.8 381.70 NOTE
r-release-linux-x86_64 1.0.8 199.66 96.06 295.72 NOTE
r-release-macos-arm64 1.0.8 NOTE
r-release-macos-x86_64 1.0.8 NOTE
r-release-windows-ix86+x86_64 1.0.8 574.00 167.00 741.00 NOTE
r-oldrel-macos-x86_64 1.0.8 NOTE
r-oldrel-windows-ix86+x86_64 1.0.8 490.00 179.00 669.00 NOTE

Check Details

Version: 1.0.8
Check: LazyData
Result: NOTE
     'LazyData' is specified without a 'data' directory
Flavors: r-devel-linux-x86_64-debian-clang, r-devel-linux-x86_64-debian-gcc, r-devel-linux-x86_64-fedora-clang, r-devel-linux-x86_64-fedora-gcc, r-devel-windows-x86_64, r-devel-windows-x86_64-gcc10-UCRT, r-patched-linux-x86_64, r-patched-solaris-x86, r-release-linux-x86_64, r-release-macos-arm64, r-release-macos-x86_64, r-release-windows-ix86+x86_64

Version: 1.0.8
Check: installed package size
Result: NOTE
     installed size is 15.2Mb
     sub-directories of 1Mb or more:
     apps 3.2Mb
     libs 10.0Mb
Flavors: r-devel-linux-x86_64-fedora-clang, r-release-macos-arm64, r-release-macos-x86_64, r-release-windows-ix86+x86_64, r-oldrel-macos-x86_64, r-oldrel-windows-ix86+x86_64