CRAN Package Check Results for Package tenispolaR

Last updated on 2022-05-23 02:53:50 CEST.

Flavor Version Tinstall Tcheck Ttotal Status Flags
r-devel-linux-x86_64-debian-clang 0.1.4 1.34 32.41 33.75 NOTE
r-devel-linux-x86_64-debian-gcc 0.1.4 1.58 24.82 26.40 NOTE
r-devel-linux-x86_64-fedora-clang 0.1.4 41.06 NOTE
r-devel-linux-x86_64-fedora-gcc 0.1.4 30.23 NOTE
r-devel-windows-x86_64 0.1.4 11.00 53.00 64.00 NOTE
r-patched-linux-x86_64 0.1.4 1.50 30.82 32.32 NOTE
r-release-linux-x86_64 0.1.4 1.44 30.83 32.27 NOTE
r-release-macos-arm64 0.1.4 17.00 NOTE
r-release-macos-x86_64 0.1.4 20.00 NOTE
r-release-windows-x86_64 0.1.4 11.00 53.00 64.00 NOTE
r-oldrel-macos-arm64 0.1.4 21.00 NOTE
r-oldrel-macos-x86_64 0.1.4 27.00 NOTE
r-oldrel-windows-ix86+x86_64 0.1.4 5.00 40.00 45.00 NOTE

Check Details

Version: 0.1.4
Check: LazyData
Result: NOTE
     'LazyData' is specified without a 'data' directory
Flavors: r-devel-linux-x86_64-debian-clang, r-devel-linux-x86_64-debian-gcc, r-devel-linux-x86_64-fedora-clang, r-devel-linux-x86_64-fedora-gcc, r-devel-windows-x86_64, r-patched-linux-x86_64, r-release-linux-x86_64, r-release-macos-arm64, r-release-macos-x86_64, r-release-windows-x86_64, r-oldrel-macos-arm64, r-oldrel-macos-x86_64, r-oldrel-windows-ix86+x86_64