CRAN Package Check Results for Package textmineR

Last updated on 2021-07-29 02:51:29 CEST.

Flavor Version Tinstall Tcheck Ttotal Status Flags
r-devel-linux-x86_64-debian-clang 3.0.5 OK --no-vignettes
r-devel-linux-x86_64-debian-gcc 3.0.5 71.23 90.23 161.46 OK --no-vignettes
r-devel-linux-x86_64-fedora-clang 3.0.5 630.58 NOTE
r-devel-linux-x86_64-fedora-gcc 3.0.5 654.64 OK
r-devel-windows-x86_64 3.0.5 96.00 524.00 620.00 OK
r-devel-windows-x86_64-gcc10-UCRT 3.0.5 OK --no-vignettes
r-patched-linux-x86_64 3.0.5 87.47 114.17 201.64 OK --no-vignettes
r-patched-solaris-x86 3.0.5 757.30 OK
r-release-linux-x86_64 3.0.5 92.27 112.77 205.04 OK --no-vignettes
r-release-macos-arm64 3.0.5 NOTE
r-release-macos-x86_64 3.0.5 NOTE
r-release-windows-ix86+x86_64 3.0.5 254.00 656.00 910.00 OK
r-oldrel-macos-x86_64 3.0.5 NOTE
r-oldrel-windows-ix86+x86_64 3.0.5 187.00 671.00 858.00 OK

Check Details

Version: 3.0.5
Check: installed package size
Result: NOTE
     installed size is 5.3Mb
     sub-directories of 1Mb or more:
     libs 3.4Mb
Flavors: r-devel-linux-x86_64-fedora-clang, r-release-macos-arm64, r-release-macos-x86_64, r-oldrel-macos-x86_64

Version: 3.0.5
Check: Rd cross-references
Result: NOTE
    Undeclared package ‘tm’ in Rd xrefs
Flavor: r-devel-linux-x86_64-fedora-clang