CRAN Package Check Results for Package tfhub

Last updated on 2021-08-04 02:50:20 CEST.

Flavor Version Tinstall Tcheck Ttotal Status Flags
r-devel-linux-x86_64-debian-clang 0.8.0 7.42 75.61 83.03 NOTE
r-devel-linux-x86_64-debian-gcc 0.8.0 5.70 55.93 61.63 NOTE
r-devel-linux-x86_64-fedora-clang 0.8.0 109.88 NOTE
r-devel-linux-x86_64-fedora-gcc 0.8.0 98.80 NOTE
r-devel-windows-x86_64 0.8.0 11.00 94.00 105.00 NOTE
r-devel-windows-x86_64-gcc10-UCRT 0.8.0 NOTE
r-patched-linux-x86_64 0.8.0 7.69 71.18 78.87 NOTE
r-patched-solaris-x86 0.8.0 141.90 NOTE
r-release-linux-x86_64 0.8.0 7.58 72.79 80.37 NOTE
r-release-macos-arm64 0.8.0 NOTE
r-release-macos-x86_64 0.8.0 NOTE
r-release-windows-ix86+x86_64 0.8.0 17.00 82.00 99.00 NOTE
r-oldrel-macos-x86_64 0.8.0 OK
r-oldrel-windows-ix86+x86_64 0.8.0 13.00 96.00 109.00 OK

Check Details

Version: 0.8.0
Check: LazyData
Result: NOTE
     'LazyData' is specified without a 'data' directory
Flavors: r-devel-linux-x86_64-debian-clang, r-devel-linux-x86_64-debian-gcc, r-devel-linux-x86_64-fedora-clang, r-devel-linux-x86_64-fedora-gcc, r-devel-windows-x86_64, r-devel-windows-x86_64-gcc10-UCRT, r-patched-linux-x86_64, r-patched-solaris-x86, r-release-linux-x86_64, r-release-macos-arm64, r-release-macos-x86_64, r-release-windows-ix86+x86_64