CRAN Package Check Results for Package themis

Last updated on 2021-09-21 02:49:28 CEST.

Flavor Version Tinstall Tcheck Ttotal Status Flags
r-devel-linux-x86_64-debian-clang 0.1.4 15.26 159.65 174.91 OK
r-devel-linux-x86_64-debian-gcc 0.1.4 11.57 118.10 129.67 OK
r-devel-linux-x86_64-fedora-clang 0.1.4 205.33 OK
r-devel-linux-x86_64-fedora-gcc 0.1.4 196.31 OK
r-devel-windows-x86_64 0.1.4 15.00 142.00 157.00 OK
r-devel-windows-x86_64-gcc10-UCRT 0.1.4 ERROR
r-patched-linux-x86_64 0.1.4 19.38 148.22 167.60 OK
r-patched-solaris-x86 0.1.4 280.70 OK
r-release-linux-x86_64 0.1.4 12.68 149.50 162.18 OK
r-release-macos-arm64 0.1.4 OK
r-release-macos-x86_64 0.1.4 OK
r-release-windows-ix86+x86_64 0.1.4 33.00 140.00 173.00 OK
r-oldrel-macos-x86_64 0.1.4 OK
r-oldrel-windows-ix86+x86_64 0.1.4 38.00 135.00 173.00 OK

Check Details

Version: 0.1.4
Check: package dependencies
Result: ERROR
    Package required but not available: 'unbalanced'
    
    See section 'The DESCRIPTION file' in the 'Writing R Extensions'
    manual.
Flavor: r-devel-windows-x86_64-gcc10-UCRT