Last updated on 2022-08-08 03:55:57 CEST.
Flavor | Version | Tinstall | Tcheck | Ttotal | Status | Flags |
---|---|---|---|---|---|---|
r-devel-linux-x86_64-debian-clang | 0.2.3 | 38.93 | 451.79 | 490.72 | OK | |
r-devel-linux-x86_64-debian-gcc | 0.2.3 | 28.55 | 314.65 | 343.20 | OK | |
r-devel-linux-x86_64-fedora-clang | 0.2.3 | 591.51 | OK | |||
r-devel-linux-x86_64-fedora-gcc | 0.2.3 | 593.27 | OK | |||
r-devel-windows-x86_64 | 0.2.3 | 100.00 | 456.00 | 556.00 | OK | |
r-patched-linux-x86_64 | 0.2.3 | 0.97 | 2.93 | 3.90 | ERROR | |
r-release-linux-x86_64 | 0.2.3 | OK | ||||
r-release-macos-arm64 | 0.2.3 | 188.00 | OK | |||
r-release-macos-x86_64 | 0.2.3 | 236.00 | OK | |||
r-release-windows-x86_64 | 0.2.3 | 76.00 | 458.00 | 534.00 | OK | |
r-oldrel-macos-arm64 | 0.2.3 | 118.00 | OK | |||
r-oldrel-macos-x86_64 | 0.2.3 | 226.00 | OK | |||
r-oldrel-windows-ix86+x86_64 | 0.2.3 | 77.00 | 479.00 | 556.00 | OK |
Version: 0.2.3
Check: package dependencies
Result: ERROR
Package required but not available: ‘blavaan’
See section ‘The DESCRIPTION file’ in the ‘Writing R Extensions’
manual.
Flavor: r-patched-linux-x86_64