Last updated on 2023-02-02 02:51:25 CET.
Flavor | Version | Tinstall | Tcheck | Ttotal | Status | Flags |
---|---|---|---|---|---|---|
r-devel-linux-x86_64-debian-clang | 3.0.2 | 11.02 | 384.04 | 395.06 | OK | |
r-devel-linux-x86_64-debian-gcc | 3.0.2 | 8.92 | 287.69 | 296.61 | OK | |
r-devel-linux-x86_64-fedora-clang | 3.0.2 | 340.35 | OK | |||
r-devel-linux-x86_64-fedora-gcc | 3.0.2 | 374.17 | OK | |||
r-patched-linux-x86_64 | 3.0.2 | 16.30 | 363.39 | 379.69 | OK | |
r-release-linux-x86_64 | 3.0.2 | 9.77 | 358.20 | 367.97 | OK | |
r-release-macos-arm64 | 3.0.2 | 116.00 | OK | |||
r-release-macos-x86_64 | 3.0.2 | 225.00 | NOTE | |||
r-release-windows-x86_64 | 3.0.2 | 142.00 | 481.00 | 623.00 | OK | |
r-oldrel-macos-arm64 | 3.0.2 | 130.00 | OK | |||
r-oldrel-macos-x86_64 | 3.0.2 | 177.00 | OK | |||
r-oldrel-windows-ix86+x86_64 | 3.0.2 | 23.00 | 449.00 | 472.00 | OK |
Version: 3.0.2
Check: package dependencies
Result: NOTE
Packages suggested but not available for checking:
'runjags', 'rjags', 'jagsUI'
Flavor: r-release-macos-x86_64
Version: 3.0.2
Check: Rd cross-references
Result: NOTE
Packages unavailable to check Rd xrefs: ‘runjags’, ‘rjags’, ‘jagsUI’
Flavor: r-release-macos-x86_64