CRAN Package Check Results for Package tidycharts

Last updated on 2021-12-05 02:49:40 CET.

Flavor Version Tinstall Tcheck Ttotal Status Flags
r-devel-linux-x86_64-debian-clang 0.1.2 5.89 67.95 73.84 OK
r-devel-linux-x86_64-debian-gcc 0.1.2 4.23 52.67 56.90 OK
r-devel-linux-x86_64-fedora-clang 0.1.2 94.69 NOTE
r-devel-linux-x86_64-fedora-gcc 0.1.2 78.76 NOTE
r-devel-windows-x86_64-new-UL 0.1.2 20.00 121.00 141.00 OK
r-devel-windows-x86_64-new-TK 0.1.2 NOTE
r-devel-windows-x86_64-old 0.1.2 10.00 67.00 77.00 OK
r-patched-linux-x86_64 0.1.2 6.93 60.18 67.11 OK
r-release-linux-x86_64 0.1.2 5.07 60.33 65.40 OK
r-release-macos-arm64 0.1.2 NOTE
r-release-macos-x86_64 0.1.2 NOTE
r-release-windows-ix86+x86_64 0.1.2 11.00 88.00 99.00 OK
r-oldrel-macos-x86_64 0.1.2 NOTE
r-oldrel-windows-ix86+x86_64 0.1.2 11.00 87.00 98.00 OK

Check Details

Version: 0.1.2
Check: dependencies in R code
Result: NOTE
    Namespaces in Imports field not imported from:
     ‘dplyr’ ‘rsvg’
     All declared Imports should be used.
Flavors: r-devel-linux-x86_64-fedora-clang, r-devel-linux-x86_64-fedora-gcc, r-devel-windows-x86_64-new-TK, r-release-macos-arm64, r-release-macos-x86_64, r-oldrel-macos-x86_64