CRAN Package Check Results for Package tidymodels

Last updated on 2021-08-01 02:53:15 CEST.

Flavor Version Tinstall Tcheck Ttotal Status Flags
r-devel-linux-x86_64-debian-clang 0.1.3 15.98 143.56 159.54 OK
r-devel-linux-x86_64-debian-gcc 0.1.3 13.70 110.18 123.88 OK
r-devel-linux-x86_64-fedora-clang 0.1.3 194.81 NOTE
r-devel-linux-x86_64-fedora-gcc 0.1.3 187.08 NOTE
r-devel-windows-x86_64 0.1.3 40.00 169.00 209.00 OK
r-devel-windows-x86_64-gcc10-UCRT 0.1.3 NOTE
r-patched-linux-x86_64 0.1.3 OK
r-patched-solaris-x86 0.1.3 266.70 NOTE
r-release-linux-x86_64 0.1.3 15.58 135.87 151.45 OK
r-release-macos-arm64 0.1.3 NOTE
r-release-macos-x86_64 0.1.3 NOTE
r-release-windows-ix86+x86_64 0.1.3 36.00 128.00 164.00 OK
r-oldrel-macos-x86_64 0.1.3 NOTE
r-oldrel-windows-ix86+x86_64 0.1.3 29.00 170.00 199.00 OK

Check Details

Version: 0.1.3
Check: dependencies in R code
Result: NOTE
    Namespaces in Imports field not imported from:
     ‘modeldata’ ‘workflowsets’
     All declared Imports should be used.
Flavors: r-devel-linux-x86_64-fedora-clang, r-devel-linux-x86_64-fedora-gcc, r-devel-windows-x86_64-gcc10-UCRT, r-patched-solaris-x86, r-release-macos-arm64, r-release-macos-x86_64, r-oldrel-macos-x86_64