CRAN Package Check Results for Package tidytuesdayR

Last updated on 2021-08-02 02:50:11 CEST.

Flavor Version Tinstall Tcheck Ttotal Status Flags
r-devel-linux-x86_64-debian-clang 1.0.1 7.21 63.58 70.79 NOTE
r-devel-linux-x86_64-debian-gcc 1.0.1 5.93 47.95 53.88 NOTE
r-devel-linux-x86_64-fedora-clang 1.0.1 90.45 NOTE
r-devel-linux-x86_64-fedora-gcc 1.0.1 82.24 NOTE
r-devel-windows-x86_64 1.0.1 10.00 84.00 94.00 NOTE
r-devel-windows-x86_64-gcc10-UCRT 1.0.1 NOTE
r-patched-linux-x86_64 1.0.1 NOTE
r-patched-solaris-x86 1.0.1 109.30 NOTE
r-release-linux-x86_64 1.0.1 6.28 59.30 65.58 NOTE
r-release-macos-arm64 1.0.1 NOTE
r-release-macos-x86_64 1.0.1 NOTE
r-release-windows-ix86+x86_64 1.0.1 17.00 71.00 88.00 NOTE
r-oldrel-macos-x86_64 1.0.1 OK
r-oldrel-windows-ix86+x86_64 1.0.1 13.00 84.00 97.00 OK

Check Details

Version: 1.0.1
Check: LazyData
Result: NOTE
     'LazyData' is specified without a 'data' directory
Flavors: r-devel-linux-x86_64-debian-clang, r-devel-linux-x86_64-debian-gcc, r-devel-linux-x86_64-fedora-clang, r-devel-linux-x86_64-fedora-gcc, r-devel-windows-x86_64, r-devel-windows-x86_64-gcc10-UCRT, r-patched-linux-x86_64, r-patched-solaris-x86, r-release-linux-x86_64, r-release-macos-arm64, r-release-macos-x86_64, r-release-windows-ix86+x86_64