CRAN Package Check Results for Package tidyverse

Last updated on 2021-05-16 02:50:07 CEST.

Flavor Version Tinstall Tcheck Ttotal Status Flags
r-devel-linux-x86_64-debian-clang 1.3.1 8.68 88.04 96.72 OK
r-devel-linux-x86_64-debian-gcc 1.3.1 7.74 66.72 74.46 OK
r-devel-linux-x86_64-fedora-clang 1.3.1 122.87 NOTE
r-devel-linux-x86_64-fedora-gcc 1.3.1 109.64 NOTE
r-devel-windows-ix86+x86_64 1.3.1 24.00 87.00 111.00 OK
r-devel-windows-x86_64-gcc10-UCRT 1.3.1 NOTE
r-patched-linux-x86_64 1.3.1 8.93 82.16 91.09 OK
r-patched-solaris-x86 1.3.1 170.30 NOTE
r-release-linux-x86_64 1.3.1 9.61 82.60 92.21 OK
r-release-macos-x86_64 1.3.1 NOTE
r-release-windows-ix86+x86_64 1.3.1 17.00 121.00 138.00 OK
r-oldrel-macos-x86_64 1.3.1 NOTE
r-oldrel-windows-ix86+x86_64 1.3.1 18.00 104.00 122.00 OK

Check Details

Version: 1.3.1
Check: package dependencies
Result: NOTE
    Imports includes 29 non-default packages.
    Importing from so many packages makes the package vulnerable to any of
    them becoming unavailable. Move as many as possible to Suggests and
    use conditionally.
Flavor: r-devel-linux-x86_64-fedora-clang

Version: 1.3.1
Check: dependencies in R code
Result: NOTE
    Namespaces in Imports field not imported from:
     ‘dtplyr’ ‘googledrive’ ‘googlesheets4’
     All declared Imports should be used.
Flavors: r-devel-linux-x86_64-fedora-clang, r-devel-linux-x86_64-fedora-gcc, r-devel-windows-x86_64-gcc10-UCRT, r-patched-solaris-x86, r-release-macos-x86_64, r-oldrel-macos-x86_64