CRAN Package Check Results for Package tipr

Last updated on 2021-07-24 02:48:48 CEST.

Flavor Version Tinstall Tcheck Ttotal Status Flags
r-devel-linux-x86_64-debian-clang 0.2.0 2.40 27.87 30.27 NOTE
r-devel-linux-x86_64-debian-gcc 0.2.0 1.79 21.58 23.37 NOTE
r-devel-linux-x86_64-fedora-clang 0.2.0 45.77 NOTE
r-devel-linux-x86_64-fedora-gcc 0.2.0 33.95 NOTE
r-devel-windows-x86_64 0.2.0 3.00 33.00 36.00 NOTE
r-devel-windows-x86_64-gcc10-UCRT 0.2.0 NOTE
r-patched-linux-x86_64 0.2.0 2.29 26.35 28.64 NOTE
r-patched-solaris-x86 0.2.0 54.00 NOTE
r-release-linux-x86_64 0.2.0 2.19 26.42 28.61 NOTE
r-release-macos-arm64 0.2.0 NOTE
r-release-macos-x86_64 0.2.0 NOTE
r-release-windows-ix86+x86_64 0.2.0 6.00 37.00 43.00 NOTE
r-oldrel-macos-x86_64 0.2.0 OK
r-oldrel-windows-ix86+x86_64 0.2.0 6.00 41.00 47.00 OK

Check Details

Version: 0.2.0
Check: LazyData
Result: NOTE
     'LazyData' is specified without a 'data' directory
Flavors: r-devel-linux-x86_64-debian-clang, r-devel-linux-x86_64-debian-gcc, r-devel-linux-x86_64-fedora-clang, r-devel-linux-x86_64-fedora-gcc, r-devel-windows-x86_64, r-devel-windows-x86_64-gcc10-UCRT, r-patched-linux-x86_64, r-patched-solaris-x86, r-release-linux-x86_64, r-release-macos-arm64, r-release-macos-x86_64, r-release-windows-ix86+x86_64