CRAN Package Check Results for Package tkrplot

Last updated on 2021-10-19 02:48:54 CEST.

Flavor Version Tinstall Tcheck Ttotal Status Flags
r-devel-linux-x86_64-debian-clang 0.0-26 2.77 22.58 25.35 NOTE
r-devel-linux-x86_64-debian-gcc 0.0-26 2.55 18.67 21.22 NOTE
r-devel-linux-x86_64-fedora-clang 0.0-26 43.77 NOTE
r-devel-linux-x86_64-fedora-gcc 0.0-26 33.60 NOTE
r-devel-windows-x86_64 0.0-26 8.00 33.00 41.00 OK
r-devel-windows-x86_64-gcc10-UCRT 0.0-26 OK
r-patched-linux-x86_64 0.0-26 3.07 22.98 26.05 NOTE
r-patched-solaris-x86 0.0-26 51.70 NOTE
r-release-linux-x86_64 0.0-26 3.02 22.77 25.79 NOTE
r-release-macos-arm64 0.0-26 OK
r-release-macos-x86_64 0.0-26 OK
r-release-windows-ix86+x86_64 0.0-26 11.00 50.00 61.00 OK
r-oldrel-macos-x86_64 0.0-26 OK
r-oldrel-windows-ix86+x86_64 0.0-26 8.00 38.00 46.00 OK

Check Details

Version: 0.0-26
Check: R code for possible problems
Result: NOTE
    Found an obsolete/platform-specific call in the following function:
     '.my.tkdev'
    Found the platform-specific device:
     'X11'
    dev.new() is the preferred way to open a new device, in the unlikely
    event one is needed.
Flavors: r-devel-linux-x86_64-debian-clang, r-devel-linux-x86_64-debian-gcc, r-devel-linux-x86_64-fedora-clang, r-devel-linux-x86_64-fedora-gcc, r-patched-linux-x86_64, r-patched-solaris-x86, r-release-linux-x86_64