Last updated on 2023-06-09 02:52:28 CEST.
Flavor | Version | Tinstall | Tcheck | Ttotal | Status | Flags |
---|---|---|---|---|---|---|
r-devel-linux-x86_64-debian-clang | 0.1.99 | 7.39 | 59.71 | 67.10 | OK | |
r-devel-linux-x86_64-debian-gcc | 0.1.99 | 5.15 | 45.92 | 51.07 | OK | |
r-devel-linux-x86_64-fedora-clang | 0.1.99 | 84.67 | NOTE | |||
r-devel-linux-x86_64-fedora-gcc | 0.1.99 | 90.68 | NOTE | |||
r-devel-windows-x86_64 | 0.1.99 | 9.00 | 69.00 | 78.00 | OK | |
r-patched-linux-x86_64 | 0.1.99 | 8.06 | 56.03 | 64.09 | OK | |
r-release-linux-x86_64 | 0.1.99 | 6.70 | 55.49 | 62.19 | OK | |
r-release-macos-arm64 | 0.1.99 | 36.00 | OK | |||
r-release-macos-x86_64 | 0.1.99 | 52.00 | OK | |||
r-release-windows-x86_64 | 0.1.99 | 10.00 | 75.00 | 85.00 | OK | |
r-oldrel-macos-arm64 | 0.1.99 | 29.00 | NOTE | |||
r-oldrel-macos-x86_64 | 0.1.99 | 41.00 | NOTE | |||
r-oldrel-windows-x86_64 | 0.1.99 | 11.00 | 70.00 | 81.00 | OK |
Version: 0.1.99
Check: dependencies in R code
Result: NOTE
Namespace in Imports field not imported from: ‘memoise’
All declared Imports should be used.
Flavors: r-devel-linux-x86_64-fedora-clang, r-devel-linux-x86_64-fedora-gcc, r-oldrel-macos-arm64, r-oldrel-macos-x86_64