CRAN Package Check Results for Package tractor.base

Last updated on 2021-10-23 01:49:18 CEST.

Flavor Version Tinstall Tcheck Ttotal Status Flags
r-devel-linux-x86_64-debian-clang 3.3.3.1 11.33 65.17 76.50 NOTE
r-devel-linux-x86_64-debian-gcc 3.3.3.1 9.64 49.02 58.66 NOTE
r-devel-linux-x86_64-fedora-clang 3.3.3.1 101.30 NOTE
r-devel-linux-x86_64-fedora-gcc 3.3.3.1 91.21 NOTE
r-devel-windows-x86_64 3.3.3.1 20.00 66.00 86.00 NOTE
r-devel-windows-x86_64-gcc10-UCRT 3.3.3.1 NOTE
r-patched-linux-x86_64 3.3.3.1 11.69 62.29 73.98 NOTE
r-patched-solaris-x86 3.3.3.1 133.70 NOTE
r-release-linux-x86_64 3.3.3.1 10.76 62.97 73.73 NOTE
r-release-macos-arm64 3.3.3.1 NOTE
r-release-macos-x86_64 3.3.3.1 NOTE
r-release-windows-ix86+x86_64 3.3.3.1 15.00 88.00 103.00 NOTE
r-oldrel-macos-x86_64 3.3.3.1 OK
r-oldrel-windows-ix86+x86_64 3.3.3.1 25.00 86.00 111.00 OK

Check Details

Version: 3.3.3.1
Check: LazyData
Result: NOTE
     'LazyData' is specified without a 'data' directory
Flavors: r-devel-linux-x86_64-debian-clang, r-devel-linux-x86_64-debian-gcc, r-devel-linux-x86_64-fedora-clang, r-devel-linux-x86_64-fedora-gcc, r-devel-windows-x86_64, r-devel-windows-x86_64-gcc10-UCRT, r-patched-linux-x86_64, r-patched-solaris-x86, r-release-linux-x86_64, r-release-macos-arm64, r-release-macos-x86_64, r-release-windows-ix86+x86_64