CRAN Package Check Results for Package tradestatistics

Last updated on 2022-10-05 05:57:18 CEST.

Flavor Version Tinstall Tcheck Ttotal Status Flags
r-devel-linux-x86_64-debian-clang 3.0.2 4.76 48.69 53.45 OK
r-devel-linux-x86_64-debian-gcc 3.0.2 3.56 36.58 40.14 OK
r-devel-linux-x86_64-fedora-clang 3.0.2 77.06 NOTE
r-devel-linux-x86_64-fedora-gcc 3.0.2 72.77 NOTE
r-devel-windows-x86_64 4.4.0 55.00 86.00 141.00 OK
r-patched-linux-x86_64 3.0.2 4.72 45.09 49.81 OK
r-release-linux-x86_64 3.0.2 4.76 45.16 49.92 OK
r-release-macos-arm64 3.0.2 22.00 NOTE
r-release-macos-x86_64 3.0.2 33.00 NOTE
r-release-windows-x86_64 3.0.2 47.00 83.00 130.00 OK
r-oldrel-macos-arm64 3.0.2 24.00 NOTE
r-oldrel-macos-x86_64 3.0.2 34.00 NOTE
r-oldrel-windows-ix86+x86_64 3.0.2 10.00 71.00 81.00 OK

Check Details

Version: 3.0.2
Check: data for non-ASCII characters
Result: NOTE
     Note: found 8 marked UTF-8 strings
Flavors: r-devel-linux-x86_64-fedora-clang, r-devel-linux-x86_64-fedora-gcc, r-release-macos-arm64, r-release-macos-x86_64, r-oldrel-macos-arm64, r-oldrel-macos-x86_64