CRAN Package Check Results for Package trawl

Last updated on 2022-01-16 02:49:44 CET.

Flavor Version Tinstall Tcheck Ttotal Status Flags
r-devel-linux-x86_64-debian-clang 0.2.2 3.73 109.76 113.49 NOTE
r-devel-linux-x86_64-debian-gcc 0.2.2 3.85 84.64 88.49 NOTE
r-devel-linux-x86_64-fedora-clang 0.2.2 143.47 NOTE
r-devel-linux-x86_64-fedora-gcc 0.2.2 137.38 NOTE
r-devel-windows-x86_64-new-UL 0.2.2 22.00 191.00 213.00 NOTE
r-devel-windows-x86_64-new-TK 0.2.2 ERROR
r-patched-linux-x86_64 0.2.2 4.34 114.74 119.08 NOTE
r-release-linux-x86_64 0.2.2 3.19 113.95 117.14 NOTE
r-release-macos-arm64 0.2.2 NOTE
r-release-macos-x86_64 0.2.2 NOTE
r-release-windows-ix86+x86_64 0.2.2 13.00 181.00 194.00 NOTE
r-oldrel-macos-x86_64 0.2.2 OK
r-oldrel-windows-ix86+x86_64 0.2.2 11.00 184.00 195.00 OK

Check Details

Version: 0.2.2
Check: LazyData
Result: NOTE
     'LazyData' is specified without a 'data' directory
Flavors: r-devel-linux-x86_64-debian-clang, r-devel-linux-x86_64-debian-gcc, r-devel-linux-x86_64-fedora-clang, r-devel-linux-x86_64-fedora-gcc, r-devel-windows-x86_64-new-UL, r-patched-linux-x86_64, r-release-linux-x86_64, r-release-macos-arm64, r-release-macos-x86_64, r-release-windows-ix86+x86_64

Version: 0.2.2
Check: package dependencies
Result: ERROR
    Package required but not available: 'ggpubr'
    
    See section 'The DESCRIPTION file' in the 'Writing R Extensions'
    manual.
Flavor: r-devel-windows-x86_64-new-TK