CRAN Package Check Results for Package treeDA

Last updated on 2021-10-23 01:49:18 CEST.

Flavor Version Tinstall Tcheck Ttotal Status Flags
r-devel-linux-x86_64-debian-clang 0.0.5 28.88 346.54 375.42 OK
r-devel-linux-x86_64-debian-gcc 0.0.5 21.45 259.66 281.11 OK
r-devel-linux-x86_64-fedora-clang 0.0.5 448.70 OK
r-devel-linux-x86_64-fedora-gcc 0.0.5 433.27 OK
r-devel-windows-x86_64 0.0.5 40.00 300.00 340.00 OK
r-devel-windows-x86_64-gcc10-UCRT 0.0.5 ERROR
r-patched-linux-x86_64 0.0.5 25.98 327.62 353.60 OK
r-patched-solaris-x86 0.0.5 618.20 OK
r-release-linux-x86_64 0.0.5 25.20 327.70 352.90 OK
r-release-macos-arm64 0.0.5 OK
r-release-macos-x86_64 0.0.5 OK
r-release-windows-ix86+x86_64 0.0.5 43.00 392.00 435.00 OK
r-oldrel-macos-x86_64 0.0.5 OK
r-oldrel-windows-ix86+x86_64 0.0.5 59.00 369.00 428.00 OK

Check Details

Version: 0.0.5
Check: package dependencies
Result: ERROR
    Package required but not available: 'phyloseq'
    
    Package suggested but not available for checking: 'adaptiveGPCA'
    
    See section 'The DESCRIPTION file' in the 'Writing R Extensions'
    manual.
Flavor: r-devel-windows-x86_64-gcc10-UCRT