CRAN Package Check Results for Package tricolore

Last updated on 2021-09-17 02:49:08 CEST.

Flavor Version Tinstall Tcheck Ttotal Status Flags
r-devel-linux-x86_64-debian-clang 1.2.2 8.70 84.90 93.60 OK
r-devel-linux-x86_64-debian-gcc 1.2.2 6.11 63.37 69.48 OK
r-devel-linux-x86_64-fedora-clang 1.2.2 117.48 OK
r-devel-linux-x86_64-fedora-gcc 1.2.2 103.17 OK
r-devel-windows-x86_64 1.2.2 11.00 134.00 145.00 OK
r-devel-windows-x86_64-gcc10-UCRT 1.2.2 OK
r-patched-linux-x86_64 1.2.2 8.33 79.29 87.62 OK
r-patched-solaris-x86 1.2.2 144.70 WARN
r-release-linux-x86_64 1.2.2 7.14 77.57 84.71 OK
r-release-macos-arm64 1.2.2 OK
r-release-macos-x86_64 1.2.2 WARN
r-release-windows-ix86+x86_64 1.2.2 20.00 115.00 135.00 OK
r-oldrel-macos-x86_64 1.2.2 WARN
r-oldrel-windows-ix86+x86_64 1.2.2 16.00 100.00 116.00 OK

Check Details

Version: 1.2.2
Check: re-building of vignette outputs
Result: WARN
    Error(s) in re-building vignettes:
     ...
    --- re-building ‘choropleth_maps_with_tricolore.Rmd’ using rmarkdown
    Pandoc is required to build R Markdown vignettes but not available. Please make sure it is installed.
    Quitting from lines 128-137 (choropleth_maps_with_tricolore.Rmd)
    Error: processing vignette 'choropleth_maps_with_tricolore.Rmd' failed with diagnostics:
    there is no package called 'webshot'
    --- failed re-building ‘choropleth_maps_with_tricolore.Rmd’
    
    SUMMARY: processing the following file failed:
     ‘choropleth_maps_with_tricolore.Rmd’
    
    Error: Vignette re-building failed.
    Execution halted
Flavor: r-patched-solaris-x86

Version: 1.2.2
Check: re-building of vignette outputs
Result: WARN
    Error(s) in re-building vignettes:
     ...
    --- re-building ‘choropleth_maps_with_tricolore.Rmd’ using rmarkdown
    Warning in engine$weave(file, quiet = quiet, encoding = enc) :
     Pandoc (>= 1.12.3) not available. Falling back to R Markdown v1.
    Quitting from lines 128-137 (choropleth_maps_with_tricolore.Rmd)
    Error: processing vignette 'choropleth_maps_with_tricolore.Rmd' failed with diagnostics:
    invalid 'path' argument
    --- failed re-building ‘choropleth_maps_with_tricolore.Rmd’
    
    SUMMARY: processing the following file failed:
     ‘choropleth_maps_with_tricolore.Rmd’
    
    Error: Vignette re-building failed.
    Execution halted
Flavor: r-release-macos-x86_64

Version: 1.2.2
Check: re-building of vignette outputs
Result: WARN
    Error(s) in re-building vignettes:
     ...
    --- re-building ‘choropleth_maps_with_tricolore.Rmd’ using rmarkdown
    Warning in engine$weave(file, quiet = quiet, encoding = enc) :
     Pandoc (>= 1.12.3) and/or pandoc-citeproc not available. Falling back to R Markdown v1.
    Quitting from lines 128-137 (choropleth_maps_with_tricolore.Rmd)
    Error: processing vignette 'choropleth_maps_with_tricolore.Rmd' failed with diagnostics:
    cannot open the connection
    --- failed re-building ‘choropleth_maps_with_tricolore.Rmd’
    
    SUMMARY: processing the following file failed:
     ‘choropleth_maps_with_tricolore.Rmd’
    
    Error: Vignette re-building failed.
    Execution halted
Flavor: r-oldrel-macos-x86_64