CRAN Package Check Results for Package trust

Last updated on 2021-09-21 02:49:30 CEST.

Flavor Version Tinstall Tcheck Ttotal Status Flags
r-devel-linux-x86_64-debian-clang 0.1-8 2.26 36.05 38.31 OK
r-devel-linux-x86_64-debian-gcc 0.1-8 1.72 28.23 29.95 OK
r-devel-linux-x86_64-fedora-clang 0.1-8 55.64 OK
r-devel-linux-x86_64-fedora-gcc 0.1-8 44.61 OK
r-devel-windows-x86_64 0.1-8 4.00 41.00 45.00 OK
r-devel-windows-x86_64-gcc10-UCRT 0.1-8 ERROR
r-patched-linux-x86_64 0.1-8 1.96 34.85 36.81 OK
r-patched-solaris-x86 0.1-8 71.10 OK
r-release-linux-x86_64 0.1-8 1.74 34.59 36.33 OK
r-release-macos-arm64 0.1-8 OK
r-release-macos-x86_64 0.1-8 OK
r-release-windows-ix86+x86_64 0.1-8 7.00 41.00 48.00 OK
r-oldrel-macos-x86_64 0.1-8 OK
r-oldrel-windows-ix86+x86_64 0.1-8 18.00 36.00 54.00 OK

Check Details

Version: 0.1-8
Check: whether package can be installed
Result: WARN
    Found the following significant warnings:
     WARNING: installation-time patches will not be applied, could not get the patches index
Flavor: r-devel-windows-x86_64-gcc10-UCRT

Version: 0.1-8
Check: PDF version of manual
Result: WARN
    LaTeX errors when creating PDF version.
    This typically indicates Rd problems.
Flavor: r-devel-windows-x86_64-gcc10-UCRT

Version: 0.1-8
Check: PDF version of manual without hyperrefs or index
Result: ERROR
    Re-running with no redirection of stdout/stderr.
Flavor: r-devel-windows-x86_64-gcc10-UCRT