CRAN Package Check Results for Package tsapp

Last updated on 2021-09-22 02:49:52 CEST.

Flavor Version Tinstall Tcheck Ttotal Status Flags
r-devel-linux-x86_64-debian-clang 1.0.3 10.39 85.20 95.59 OK
r-devel-linux-x86_64-debian-gcc 1.0.3 8.12 63.57 71.69 OK
r-devel-linux-x86_64-fedora-clang 1.0.3 121.44 OK
r-devel-linux-x86_64-fedora-gcc 1.0.3 109.74 OK
r-devel-windows-x86_64 1.0.3 12.00 88.00 100.00 OK
r-devel-windows-x86_64-gcc10-UCRT 1.0.3 ERROR
r-patched-linux-x86_64 1.0.3 10.27 79.79 90.06 OK
r-patched-solaris-x86 1.0.3 158.60 OK
r-release-linux-x86_64 1.0.3 9.41 79.24 88.65 OK
r-release-macos-arm64 1.0.3 OK
r-release-macos-x86_64 1.0.3 OK
r-release-windows-ix86+x86_64 1.0.3 24.00 89.00 113.00 OK
r-oldrel-macos-x86_64 1.0.3 OK
r-oldrel-windows-ix86+x86_64 1.0.3 22.00 90.00 112.00 OK

Check Details

Version: 1.0.3
Check: whether package can be installed
Result: WARN
    Found the following significant warnings:
     WARNING: installation-time patches will not be applied, could not get the patches index
Flavor: r-devel-windows-x86_64-gcc10-UCRT

Version: 1.0.3
Check: PDF version of manual
Result: WARN
    LaTeX errors when creating PDF version.
    This typically indicates Rd problems.
Flavor: r-devel-windows-x86_64-gcc10-UCRT

Version: 1.0.3
Check: PDF version of manual without hyperrefs or index
Result: ERROR
    Re-running with no redirection of stdout/stderr.
Flavor: r-devel-windows-x86_64-gcc10-UCRT