CRAN Package Check Results for Package tuneRanger

Last updated on 2022-10-02 02:49:25 CEST.

Flavor Version Tinstall Tcheck Ttotal Status Flags
r-devel-linux-x86_64-debian-clang 0.5 17.46 169.15 186.61 NOTE
r-devel-linux-x86_64-debian-gcc 0.5 11.33 123.37 134.70 NOTE
r-devel-linux-x86_64-fedora-clang 0.5 244.83 NOTE
r-devel-linux-x86_64-fedora-gcc 0.5 232.01 NOTE
r-devel-windows-x86_64 0.5 18.00 183.00 201.00 NOTE
r-patched-linux-x86_64 0.5 18.16 162.41 180.57 NOTE
r-release-linux-x86_64 0.5 12.64 159.38 172.02 NOTE
r-release-macos-arm64 0.5 75.00 NOTE
r-release-macos-x86_64 0.5 126.00 NOTE
r-release-windows-x86_64 0.5 26.00 185.00 211.00 NOTE
r-oldrel-macos-arm64 0.5 103.00 NOTE
r-oldrel-macos-x86_64 0.5 125.00 NOTE
r-oldrel-windows-ix86+x86_64 0.5 36.00 180.00 216.00 NOTE

Check Details

Version: 0.5
Check: LazyData
Result: NOTE
     'LazyData' is specified without a 'data' directory
Flavors: r-devel-linux-x86_64-debian-clang, r-devel-linux-x86_64-debian-gcc, r-devel-linux-x86_64-fedora-clang, r-devel-linux-x86_64-fedora-gcc, r-devel-windows-x86_64, r-patched-linux-x86_64, r-release-linux-x86_64, r-release-macos-arm64, r-release-macos-x86_64, r-release-windows-x86_64, r-oldrel-macos-arm64, r-oldrel-macos-x86_64, r-oldrel-windows-ix86+x86_64

Version: 0.5
Check: Rd cross-references
Result: NOTE
    Undeclared package ‘randomForest’ in Rd xrefs
Flavor: r-devel-linux-x86_64-fedora-clang