CRAN Package Check Results for Package twangMediation

Last updated on 2022-08-09 03:53:14 CEST.

Flavor Version Tinstall Tcheck Ttotal Status Flags
r-devel-linux-x86_64-debian-clang 1.1 10.05 151.91 161.96 OK
r-devel-linux-x86_64-debian-gcc 1.1 8.98 114.82 123.80 OK
r-devel-linux-x86_64-fedora-clang 1.1 202.43 NOTE
r-devel-linux-x86_64-fedora-gcc 1.1 211.32 OK
r-devel-windows-x86_64 1.1 49.00 191.00 240.00 OK
r-patched-linux-x86_64 1.1 13.92 146.93 160.85 OK
r-release-linux-x86_64 1.1 OK
r-release-macos-arm64 1.1 57.00 OK
r-release-macos-x86_64 1.1 101.00 OK
r-release-windows-x86_64 1.1 24.00 187.00 211.00 OK
r-oldrel-macos-arm64 1.1 48.00 OK
r-oldrel-macos-x86_64 1.1 72.00 OK
r-oldrel-windows-ix86+x86_64 1.1 24.00 179.00 203.00 OK

Check Details

Version: 1.1
Check: Rd cross-references
Result: NOTE
    Undeclared package ‘xgboost’ in Rd xrefs
Flavor: r-devel-linux-x86_64-fedora-clang