CRAN Package Check Results for Package ubms

Last updated on 2021-10-16 02:49:47 CEST.

Flavor Version Tinstall Tcheck Ttotal Status Flags
r-devel-linux-x86_64-debian-clang 1.0.2 340.16 400.13 740.29 NOTE
r-devel-linux-x86_64-debian-gcc 1.0.2 275.38 305.37 580.75 NOTE
r-devel-linux-x86_64-fedora-clang 1.0.2 1062.44 NOTE
r-devel-linux-x86_64-fedora-gcc 1.0.2 1047.32 NOTE
r-devel-windows-x86_64 1.0.2 388.00 264.00 652.00 NOTE
r-devel-windows-x86_64-gcc10-UCRT 1.0.2 WARN
r-patched-linux-x86_64 1.0.2 323.45 400.07 723.52 NOTE
r-patched-solaris-x86 1.0.2 889.70 NOTE
r-release-linux-x86_64 1.0.2 318.97 394.09 713.06 NOTE
r-release-macos-arm64 1.0.2 NOTE
r-release-macos-x86_64 1.0.2 NOTE
r-release-windows-ix86+x86_64 1.0.2 719.00 474.00 1193.00 NOTE
r-oldrel-macos-x86_64 1.0.2 NOTE
r-oldrel-windows-ix86+x86_64 1.0.2 719.00 472.00 1191.00 NOTE

Check Details

Version: 1.0.2
Check: for GNU extensions in Makefiles
Result: NOTE
    GNU make is a SystemRequirements.
Flavors: r-devel-linux-x86_64-debian-clang, r-devel-linux-x86_64-debian-gcc, r-devel-linux-x86_64-fedora-clang, r-devel-linux-x86_64-fedora-gcc, r-devel-windows-x86_64, r-devel-windows-x86_64-gcc10-UCRT, r-patched-linux-x86_64, r-patched-solaris-x86, r-release-linux-x86_64, r-release-macos-arm64, r-release-macos-x86_64, r-release-windows-ix86+x86_64, r-oldrel-macos-x86_64, r-oldrel-windows-ix86+x86_64

Version: 1.0.2
Check: installed package size
Result: NOTE
     installed size is 46.7Mb
     sub-directories of 1Mb or more:
     R 1.5Mb
     libs 44.6Mb
Flavors: r-devel-linux-x86_64-fedora-clang, r-patched-solaris-x86, r-release-macos-arm64, r-release-macos-x86_64, r-release-windows-ix86+x86_64, r-oldrel-macos-x86_64, r-oldrel-windows-ix86+x86_64

Version: 1.0.2
Check: line endings in C/C++/Fortran sources/headers
Result: NOTE
    Found the following sources/headers with CR or CRLF line endings:
     src/RcppExports.cpp
     src/stanExports_colext.cc
     src/stanExports_colext.h
     src/stanExports_single_season.cc
     src/stanExports_single_season.h
    Some Unix compilers require LF line endings.
Flavor: r-devel-windows-x86_64-gcc10-UCRT

Version: 1.0.2
Check: line endings in Makefiles
Result: WARN
    Found the following Makefile(s) with CR or CRLF line endings:
     src/Makevars
    Some Unix 'make' programs require LF line endings.
Flavor: r-devel-windows-x86_64-gcc10-UCRT