CRAN Package Check Results for Package udunits2

Last updated on 2021-09-18 02:52:14 CEST.

Flavor Version Tinstall Tcheck Ttotal Status Flags
r-devel-linux-x86_64-debian-clang 0.13 4.90 24.05 28.95 WARN
r-devel-linux-x86_64-debian-gcc 0.13 3.21 18.97 22.18 WARN
r-devel-linux-x86_64-fedora-clang 0.13 43.04 NOTE
r-devel-linux-x86_64-fedora-gcc 0.13 32.02 NOTE
r-devel-windows-x86_64 0.13 5.00 36.00 41.00 OK
r-devel-windows-x86_64-gcc10-UCRT 0.13 OK
r-patched-linux-x86_64 0.13 4.22 23.11 27.33 WARN
r-patched-solaris-x86 0.13 52.90 OK
r-release-linux-x86_64 0.13 4.03 23.14 27.17 WARN
r-release-macos-arm64 0.13 ERROR
r-release-macos-x86_64 0.13 ERROR
r-release-windows-ix86+x86_64 0.13 10.00 35.00 45.00 OK
r-oldrel-macos-x86_64 0.13 ERROR
r-oldrel-windows-ix86+x86_64 0.13 8.00 37.00 45.00 OK

Check Details

Version: 0.13
Check: top-level files
Result: WARN
     Output from running autoreconf:
     configure.ac:63: warning: AC_OUTPUT should be used without arguments.
     configure.ac:63: You should run autoupdate.
Flavors: r-devel-linux-x86_64-debian-clang, r-devel-linux-x86_64-debian-gcc, r-patched-linux-x86_64, r-release-linux-x86_64

Version: 0.13
Check: compiled code
Result: NOTE
    File ‘udunits2/libs/udunits2.so’:
     Found no calls to: ‘R_registerRoutines’, ‘R_useDynamicSymbols’
    
    It is good practice to register native routines and to disable symbol
    search.
    
    See ‘Writing portable packages’ in the ‘Writing R Extensions’ manual.
Flavors: r-devel-linux-x86_64-fedora-clang, r-devel-linux-x86_64-fedora-gcc

Version: 0.13
Check: whether package can be installed
Result: ERROR
    Installation failed.
Flavors: r-release-macos-arm64, r-release-macos-x86_64, r-oldrel-macos-x86_64