CRAN Package Check Results for Package unglue

Last updated on 2022-06-27 02:54:41 CEST.

Flavor Version Tinstall Tcheck Ttotal Status Flags
r-devel-linux-x86_64-debian-clang 0.1.0 2.28 24.88 27.16 NOTE
r-devel-linux-x86_64-debian-gcc 0.1.0 1.77 19.44 21.21 NOTE
r-devel-linux-x86_64-fedora-clang 0.1.0 45.27 NOTE
r-devel-linux-x86_64-fedora-gcc 0.1.0 53.23 NOTE
r-devel-windows-x86_64 0.1.0 11.00 51.00 62.00 NOTE
r-patched-linux-x86_64 0.1.0 1.94 24.24 26.18 NOTE
r-release-linux-x86_64 0.1.0 2.13 24.35 26.48 NOTE
r-release-macos-arm64 0.1.0 19.00 NOTE
r-release-macos-x86_64 0.1.0 28.00 NOTE
r-release-windows-x86_64 0.1.0 14.00 50.00 64.00 NOTE
r-oldrel-macos-arm64 0.1.0 22.00 NOTE
r-oldrel-macos-x86_64 0.1.0 41.00 NOTE
r-oldrel-windows-ix86+x86_64 0.1.0 5.00 44.00 49.00 NOTE

Check Details

Version: 0.1.0
Check: LazyData
Result: NOTE
     'LazyData' is specified without a 'data' directory
Flavors: r-devel-linux-x86_64-debian-clang, r-devel-linux-x86_64-debian-gcc, r-devel-linux-x86_64-fedora-clang, r-devel-linux-x86_64-fedora-gcc, r-devel-windows-x86_64, r-patched-linux-x86_64, r-release-linux-x86_64, r-release-macos-arm64, r-release-macos-x86_64, r-release-windows-x86_64, r-oldrel-macos-arm64, r-oldrel-macos-x86_64, r-oldrel-windows-ix86+x86_64