CRAN Package Check Results for Package unsystation

Last updated on 2022-08-14 02:51:58 CEST.

Flavor Version Tinstall Tcheck Ttotal Status Flags
r-devel-linux-x86_64-debian-clang 0.2.0 37.63 27.83 65.46 NOTE
r-devel-linux-x86_64-debian-gcc 0.2.0 27.68 22.20 49.88 NOTE
r-devel-linux-x86_64-fedora-clang 0.2.0 95.34 NOTE
r-devel-linux-x86_64-fedora-gcc 0.2.0 93.82 NOTE
r-devel-windows-x86_64 0.2.0 32.00 86.00 118.00 NOTE
r-patched-linux-x86_64 0.2.0 34.72 27.55 62.27 NOTE
r-release-linux-x86_64 0.2.0 27.04 28.02 55.06 NOTE
r-release-macos-arm64 0.2.0 29.00 NOTE
r-release-macos-x86_64 0.2.0 34.00 NOTE
r-release-windows-x86_64 0.2.0 33.00 81.00 114.00 NOTE
r-oldrel-macos-arm64 0.2.0 33.00 NOTE
r-oldrel-macos-x86_64 0.2.0 47.00 NOTE
r-oldrel-windows-ix86+x86_64 0.2.0 80.00 74.00 154.00 NOTE

Check Details

Version: 0.2.0
Check: LazyData
Result: NOTE
     'LazyData' is specified without a 'data' directory
Flavors: r-devel-linux-x86_64-debian-clang, r-devel-linux-x86_64-debian-gcc, r-devel-linux-x86_64-fedora-clang, r-devel-linux-x86_64-fedora-gcc, r-devel-windows-x86_64, r-patched-linux-x86_64, r-release-linux-x86_64, r-release-macos-arm64, r-release-macos-x86_64, r-release-windows-x86_64, r-oldrel-macos-arm64, r-oldrel-macos-x86_64, r-oldrel-windows-ix86+x86_64