CRAN Package Check Results for Package utf8

Last updated on 2021-09-21 02:49:31 CEST.

Flavor Version Tinstall Tcheck Ttotal Status Flags
r-devel-linux-x86_64-debian-clang 1.2.2 8.72 31.57 40.29 OK
r-devel-linux-x86_64-debian-gcc 1.2.2 5.09 23.84 28.93 OK
r-devel-linux-x86_64-fedora-clang 1.2.2 55.27 OK
r-devel-linux-x86_64-fedora-gcc 1.2.2 44.90 OK
r-devel-windows-x86_64 1.2.2 17.00 40.00 57.00 OK
r-devel-windows-x86_64-gcc10-UCRT 1.2.2 ERROR
r-patched-linux-x86_64 1.2.2 6.78 29.25 36.03 OK
r-patched-solaris-x86 1.2.2 78.20 OK
r-release-linux-x86_64 1.2.2 6.53 29.36 35.89 OK
r-release-macos-arm64 1.2.2 OK
r-release-macos-x86_64 1.2.2 OK
r-release-windows-ix86+x86_64 1.2.2 37.00 45.00 82.00 OK
r-oldrel-macos-x86_64 1.2.2 OK
r-oldrel-windows-ix86+x86_64 1.2.2 33.00 46.00 79.00 OK

Check Details

Version: 1.2.2
Check: whether package can be installed
Result: ERROR
    Installation failed.
Flavor: r-devel-windows-x86_64-gcc10-UCRT