CRAN Package Check Results for Package utr.annotation

Last updated on 2022-07-02 02:53:17 CEST.

Flavor Version Tinstall Tcheck Ttotal Status Flags
r-devel-linux-x86_64-debian-clang 1.0.4 55.44 528.21 583.65 OK
r-devel-linux-x86_64-debian-gcc 1.0.4 48.80 397.21 446.01 OK
r-devel-linux-x86_64-fedora-clang 1.0.4 516.30 NOTE
r-devel-linux-x86_64-fedora-gcc 1.0.4 738.32 NOTE
r-devel-windows-x86_64 1.0.4 162.00 520.00 682.00 OK
r-patched-linux-x86_64 1.0.4 48.08 497.26 545.34 OK
r-release-linux-x86_64 1.0.4 53.03 504.24 557.27 OK
r-release-macos-arm64 1.0.4 187.00 NOTE
r-release-macos-x86_64 1.0.4 311.00 NOTE
r-release-windows-x86_64 1.0.4 126.00 511.00 637.00 OK
r-oldrel-macos-arm64 1.0.4 253.00 NOTE
r-oldrel-macos-x86_64 1.0.4 241.00 NOTE
r-oldrel-windows-ix86+x86_64 1.0.4 118.00 522.00 640.00 OK

Check Details

Version: 1.0.4
Check: dependencies in R code
Result: NOTE
    Namespaces in Imports field not imported from:
     'parallel' 'xml2'
     All declared Imports should be used.
Flavors: r-devel-linux-x86_64-fedora-clang, r-devel-linux-x86_64-fedora-gcc, r-release-macos-arm64, r-release-macos-x86_64, r-oldrel-macos-arm64, r-oldrel-macos-x86_64