CRAN Package Check Results for Package uwot

Last updated on 2021-11-27 02:49:33 CET.

Flavor Version Tinstall Tcheck Ttotal Status Flags
r-devel-linux-x86_64-debian-clang 0.1.10 57.66 144.92 202.58 NOTE
r-devel-linux-x86_64-debian-gcc 0.1.10 45.69 122.34 168.03 NOTE
r-devel-linux-x86_64-fedora-clang 0.1.10 280.07 NOTE
r-devel-linux-x86_64-fedora-gcc 0.1.10 255.61 NOTE
r-devel-windows-x86_64-new-UL 0.1.10 82.00 223.00 305.00 NOTE
r-devel-windows-x86_64-new-TK 0.1.10 NOTE
r-devel-windows-x86_64-old 0.1.10 52.00 200.00 252.00 NOTE
r-patched-linux-x86_64 0.1.10 56.22 141.84 198.06 NOTE
r-patched-solaris-x86 0.1.10 343.10 NOTE
r-release-linux-x86_64 0.1.10 NOTE
r-release-macos-arm64 0.1.10 NOTE
r-release-macos-x86_64 0.1.10 NOTE
r-release-windows-ix86+x86_64 0.1.10 140.00 221.00 361.00 NOTE
r-oldrel-macos-x86_64 0.1.10 NOTE
r-oldrel-windows-ix86+x86_64 0.1.10 113.00 295.00 408.00 OK

Check Details

Version: 0.1.10
Check: LazyData
Result: NOTE
     'LazyData' is specified without a 'data' directory
Flavors: r-devel-linux-x86_64-debian-clang, r-devel-linux-x86_64-debian-gcc, r-devel-linux-x86_64-fedora-clang, r-devel-linux-x86_64-fedora-gcc, r-devel-windows-x86_64-new-UL, r-devel-windows-x86_64-new-TK, r-devel-windows-x86_64-old, r-patched-linux-x86_64, r-patched-solaris-x86, r-release-linux-x86_64, r-release-macos-arm64, r-release-macos-x86_64, r-release-windows-ix86+x86_64

Version: 0.1.10
Check: installed package size
Result: NOTE
     installed size is 6.2Mb
     sub-directories of 1Mb or more:
     libs 5.9Mb
Flavors: r-release-macos-arm64, r-release-macos-x86_64, r-oldrel-macos-x86_64