CRAN Package Check Results for Package valr

Last updated on 2021-07-29 02:51:31 CEST.

Flavor Version Tinstall Tcheck Ttotal Status Flags
r-devel-linux-x86_64-debian-clang 0.6.3 OK
r-devel-linux-x86_64-debian-gcc 0.6.3 111.28 91.61 202.89 OK
r-devel-linux-x86_64-fedora-clang 0.6.3 409.59 NOTE
r-devel-linux-x86_64-fedora-gcc 0.6.3 339.00 OK
r-devel-windows-x86_64 0.6.3 171.00 167.00 338.00 OK
r-devel-windows-x86_64-gcc10-UCRT 0.6.3 OK
r-patched-linux-x86_64 0.6.3 136.05 115.06 251.11 OK
r-patched-solaris-x86 0.6.3 360.70 OK
r-release-linux-x86_64 0.6.3 132.42 114.70 247.12 OK
r-release-macos-arm64 0.6.3 WARN
r-release-macos-x86_64 0.6.3 NOTE
r-release-windows-ix86+x86_64 0.6.3 363.00 193.00 556.00 OK
r-oldrel-macos-x86_64 0.6.3 NOTE
r-oldrel-windows-ix86+x86_64 0.6.3 271.00 253.00 524.00 OK

Check Details

Version: 0.6.3
Check: installed package size
Result: NOTE
     installed size is 8.4Mb
     sub-directories of 1Mb or more:
     libs 7.4Mb
Flavors: r-devel-linux-x86_64-fedora-clang, r-release-macos-arm64, r-release-macos-x86_64, r-oldrel-macos-x86_64

Version: 0.6.3
Check: package dependencies
Result: NOTE
    Package suggested but not available for checking: ‘GenomicRanges’
Flavor: r-release-macos-arm64

Version: 0.6.3
Check: re-building of vignette outputs
Result: WARN
    Error(s) in re-building vignettes:
     ...
    --- re-building ‘valr.Rmd’ using rmarkdown
    Warning in engine$weave(file, quiet = quiet, encoding = enc) :
     Pandoc (>= 1.12.3) not available. Falling back to R Markdown v1.
    
    Attaching package: 'dplyr'
    
    The following objects are masked from 'package:stats':
    
     filter, lag
    
    The following objects are masked from 'package:base':
    
     intersect, setdiff, setequal, union
    
    Quitting from lines 124-136 (valr.Rmd)
    Error: processing vignette 'valr.Rmd' failed with diagnostics:
    polygon edge not found
    --- failed re-building ‘valr.Rmd’
    
    SUMMARY: processing the following file failed:
     ‘valr.Rmd’
    
    Error: Vignette re-building failed.
    Execution halted
Flavor: r-release-macos-arm64