CRAN Package Check Results for Package vistime

Last updated on 2021-07-28 02:49:28 CEST.

Flavor Version Tinstall Tcheck Ttotal Status Flags
r-devel-linux-x86_64-debian-clang 1.2.1 8.30 90.13 98.43 OK
r-devel-linux-x86_64-debian-gcc 1.2.1 5.86 66.31 72.17 OK
r-devel-linux-x86_64-fedora-clang 1.2.1 124.40 NOTE
r-devel-linux-x86_64-fedora-gcc 1.2.1 111.36 OK
r-devel-windows-x86_64 1.2.1 13.00 122.00 135.00 NOTE
r-devel-windows-x86_64-gcc10-UCRT 1.2.1 OK
r-patched-linux-x86_64 1.2.1 7.32 85.25 92.57 OK
r-patched-solaris-x86 1.2.1 149.50 WARN
r-release-linux-x86_64 1.2.1 6.38 84.69 91.07 OK
r-release-macos-arm64 1.2.1 WARN
r-release-macos-x86_64 1.2.1 WARN
r-release-windows-ix86+x86_64 1.2.1 18.00 106.00 124.00 NOTE
r-oldrel-macos-x86_64 1.2.1 WARN
r-oldrel-windows-ix86+x86_64 1.2.1 24.00 122.00 146.00 NOTE

Check Details

Version: 1.2.1
Check: installed package size
Result: NOTE
     installed size is 6.2Mb
     sub-directories of 1Mb or more:
     doc 5.9Mb
Flavors: r-devel-linux-x86_64-fedora-clang, r-devel-windows-x86_64, r-patched-solaris-x86, r-release-macos-arm64, r-release-macos-x86_64, r-release-windows-ix86+x86_64, r-oldrel-macos-x86_64, r-oldrel-windows-ix86+x86_64

Version: 1.2.1
Check: re-building of vignette outputs
Result: WARN
    Error(s) in re-building vignettes:
     ...
    --- re-building ‘gg_vistime-vignette.Rmd’ using rmarkdown
    Warning in engine$weave(file, quiet = quiet, encoding = enc) :
     Pandoc (>= 1.12.3) not available. Falling back to R Markdown v1.
    Coordinate system already present. Adding new coordinate system, which will replace the existing one.
    --- finished re-building ‘gg_vistime-vignette.Rmd’
    
    --- re-building ‘hc_vistime-vignette.Rmd’ using rmarkdown
    Warning in engine$weave(file, quiet = quiet, encoding = enc) :
     Pandoc (>= 1.12.3) not available. Falling back to R Markdown v1.
    Quitting from lines 34-41 (hc_vistime-vignette.Rmd)
    Error: processing vignette 'hc_vistime-vignette.Rmd' failed with diagnostics:
    there is no package called 'webshot'
    --- failed re-building ‘hc_vistime-vignette.Rmd’
    
    --- re-building ‘vistime-vignette.Rmd’ using rmarkdown
    Warning in engine$weave(file, quiet = quiet, encoding = enc) :
     Pandoc (>= 1.12.3) not available. Falling back to R Markdown v1.
    Quitting from lines 32-40 (vistime-vignette.Rmd)
    Error: processing vignette 'vistime-vignette.Rmd' failed with diagnostics:
    there is no package called 'webshot'
    --- failed re-building ‘vistime-vignette.Rmd’
    
    SUMMARY: processing the following files failed:
     ‘hc_vistime-vignette.Rmd’ ‘vistime-vignette.Rmd’
    
    Error: Vignette re-building failed.
    Execution halted
Flavor: r-patched-solaris-x86

Version: 1.2.1
Check: re-building of vignette outputs
Result: WARN
    Error(s) in re-building vignettes:
    --- re-building ‘gg_vistime-vignette.Rmd’ using rmarkdown
    Warning in engine$weave(file, quiet = quiet, encoding = enc) :
     Pandoc (>= 1.12.3) not available. Falling back to R Markdown v1.
    Warning in grid.Call(C_stringMetric, as.graphicsAnnot(x$label)) :
     no font could be found for family "Arial"
    Warning in grid.Call(C_stringMetric, as.graphicsAnnot(x$label)) :
     no font could be found for family "Arial"
    Warning in grid.Call(C_stringMetric, as.graphicsAnnot(x$label)) :
     no font could be found for family "Arial"
    Warning in grid.Call(C_stringMetric, as.graphicsAnnot(x$label)) :
     no font could be found for family "Arial"
    Warning in grid.Call(C_stringMetric, as.graphicsAnnot(x$label)) :
     no font could be found for family "Arial"
    Warning in grid.Call(C_stringMetric, as.graphicsAnnot(x$label)) :
     no font could be found for family "Arial"
    Warning in grid.Call(C_stringMetric, as.graphicsAnnot(x$label)) :
     no font could be found for family "Arial"
    Warning in grid.Call(C_stringMetric, as.graphicsAnnot(x$label)) :
     no font could be found for family "Arial"
    Warning in grid.Call(C_stringMetric, as.graphicsAnnot(x$label)) :
     no font could be found for family "Arial"
    Warning in grid.Call(C_stringMetric, as.graphicsAnnot(x$label)) :
     no font could be found for family "Arial"
    Warning in grid.Call(C_stringMetric, as.graphicsAnnot(x$label)) :
     no font could be found for family "Arial"
    Warning in grid.Call(C_stringMetric, as.graphicsAnnot(x$label)) :
     no font could be found for family "Arial"
    Warning in grid.Call(C_stringMetric, as.graphicsAnnot(x$label)) :
     no font could be found for family "Arial"
    Warning in grid.Call(C_stringMetric, as.graphicsAnnot(x$label)) :
     no font could be found for family "Arial"
    Warning in grid.Call(C_textBounds, as.graphicsAnnot(x$label), x$x, x$y, :
     no font could be found for family "Arial"
    Quitting from lines 34-40 (gg_vistime-vignette.Rmd)
    Error: processing vignette 'gg_vistime-vignette.Rmd' failed with diagnostics:
    polygon edge not found
    --- failed re-building ‘gg_vistime-vignette.Rmd’
    
    --- re-building ‘hc_vistime-vignette.Rmd’ using rmarkdown
    Warning in engine$weave(file, quiet = quiet, encoding = enc) :
     Pandoc (>= 1.12.3) not available. Falling back to R Markdown v1.
    --- finished re-building ‘hc_vistime-vignette.Rmd’
    
    --- re-building ‘vistime-vignette.Rmd’ using rmarkdown
    Warning in engine$weave(file, quiet = quiet, encoding = enc) :
     Pandoc (>= 1.12.3) not available. Falling back to R Markdown v1.
    Loading required package: ggplot2
    
    Attaching package: 'plotly'
    
    The following object is masked from 'package:ggplot2':
    
     last_plot
    
    The following object is masked from 'package:stats':
    
     filter
    
    The following object is masked from 'package:graphics':
    
     layout
    
    --- finished re-building ‘vistime-vignette.Rmd’
    
    SUMMARY: processing the following file failed:
     ‘gg_vistime-vignette.Rmd’
    
    Error: Vignette re-building failed.
    Execution halted
Flavor: r-release-macos-arm64

Version: 1.2.1
Check: re-building of vignette outputs
Result: WARN
    Error(s) in re-building vignettes:
    --- re-building ‘gg_vistime-vignette.Rmd’ using rmarkdown
    Warning in engine$weave(file, quiet = quiet, encoding = enc) :
     Pandoc (>= 1.12.3) not available. Falling back to R Markdown v1.
    Coordinate system already present. Adding new coordinate system, which will replace the existing one.
    --- finished re-building ‘gg_vistime-vignette.Rmd’
    
    --- re-building ‘hc_vistime-vignette.Rmd’ using rmarkdown
    Warning in engine$weave(file, quiet = quiet, encoding = enc) :
     Pandoc (>= 1.12.3) not available. Falling back to R Markdown v1.
    Quitting from lines 34-41 (hc_vistime-vignette.Rmd)
    Error: processing vignette 'hc_vistime-vignette.Rmd' failed with diagnostics:
    invalid 'path' argument
    --- failed re-building ‘hc_vistime-vignette.Rmd’
    
    --- re-building ‘vistime-vignette.Rmd’ using rmarkdown
    Warning in engine$weave(file, quiet = quiet, encoding = enc) :
     Pandoc (>= 1.12.3) not available. Falling back to R Markdown v1.
    Quitting from lines 32-40 (vistime-vignette.Rmd)
    Error: processing vignette 'vistime-vignette.Rmd' failed with diagnostics:
    invalid 'path' argument
    --- failed re-building ‘vistime-vignette.Rmd’
    
    SUMMARY: processing the following files failed:
     ‘hc_vistime-vignette.Rmd’ ‘vistime-vignette.Rmd’
    
    Error: Vignette re-building failed.
    Execution halted
Flavor: r-release-macos-x86_64

Version: 1.2.1
Check: re-building of vignette outputs
Result: WARN
    Error(s) in re-building vignettes:
    --- re-building ‘gg_vistime-vignette.Rmd’ using rmarkdown
    Warning in engine$weave(file, quiet = quiet, encoding = enc) :
     Pandoc (>= 1.12.3) and/or pandoc-citeproc not available. Falling back to R Markdown v1.
    Coordinate system already present. Adding new coordinate system, which will replace the existing one.
    --- finished re-building ‘gg_vistime-vignette.Rmd’
    
    --- re-building ‘hc_vistime-vignette.Rmd’ using rmarkdown
    Warning in engine$weave(file, quiet = quiet, encoding = enc) :
     Pandoc (>= 1.12.3) and/or pandoc-citeproc not available. Falling back to R Markdown v1.
    Quitting from lines 34-41 (hc_vistime-vignette.Rmd)
    Error: processing vignette 'hc_vistime-vignette.Rmd' failed with diagnostics:
    invalid 'path' argument
    --- failed re-building ‘hc_vistime-vignette.Rmd’
    
    --- re-building ‘vistime-vignette.Rmd’ using rmarkdown
    Warning in engine$weave(file, quiet = quiet, encoding = enc) :
     Pandoc (>= 1.12.3) and/or pandoc-citeproc not available. Falling back to R Markdown v1.
    Quitting from lines 32-40 (vistime-vignette.Rmd)
    Error: processing vignette 'vistime-vignette.Rmd' failed with diagnostics:
    invalid 'path' argument
    --- failed re-building ‘vistime-vignette.Rmd’
    
    SUMMARY: processing the following files failed:
     ‘hc_vistime-vignette.Rmd’ ‘vistime-vignette.Rmd’
    
    Error: Vignette re-building failed.
    Execution halted
Flavor: r-oldrel-macos-x86_64