CRAN Package Check Results for Package voxel

Last updated on 2022-01-29 02:50:07 CET.

Flavor Version Tinstall Tcheck Ttotal Status Flags
r-devel-linux-x86_64-debian-clang 1.3.5 16.72 166.56 183.28 NOTE
r-devel-linux-x86_64-debian-gcc 1.3.5 13.26 123.74 137.00 NOTE
r-devel-linux-x86_64-fedora-clang 1.3.5 198.09 NOTE
r-devel-linux-x86_64-fedora-gcc 1.3.5 194.01 NOTE
r-devel-windows-x86_64-new-UL 1.3.5 38.00 186.00 224.00 NOTE
r-devel-windows-x86_64-new-TK 1.3.5 ERROR
r-patched-linux-x86_64 1.3.5 12.41 145.03 157.44 NOTE
r-release-linux-x86_64 1.3.5 11.14 141.92 153.06 NOTE
r-release-macos-arm64 1.3.5 NOTE
r-release-macos-x86_64 1.3.5 NOTE
r-release-windows-ix86+x86_64 1.3.5 30.00 169.00 199.00 NOTE
r-oldrel-macos-x86_64 1.3.5 NOTE
r-oldrel-windows-ix86+x86_64 1.3.5 30.00 171.00 201.00 OK

Check Details

Version: 1.3.5
Check: LazyData
Result: NOTE
     'LazyData' is specified without a 'data' directory
Flavors: r-devel-linux-x86_64-debian-clang, r-devel-linux-x86_64-debian-gcc, r-devel-linux-x86_64-fedora-clang, r-devel-linux-x86_64-fedora-gcc, r-devel-windows-x86_64-new-UL, r-patched-linux-x86_64, r-release-linux-x86_64, r-release-macos-arm64, r-release-macos-x86_64, r-release-windows-ix86+x86_64

Version: 1.3.5
Check: dependencies in R code
Result: NOTE
    Namespace in Imports field not imported from: ‘methods’
     All declared Imports should be used.
Flavors: r-devel-linux-x86_64-fedora-clang, r-devel-linux-x86_64-fedora-gcc, r-release-macos-arm64, r-release-macos-x86_64, r-oldrel-macos-x86_64

Version: 1.3.5
Check: package dependencies
Result: ERROR
    Packages required but not available: 'lmerTest', 'gamm4'
    
    See section 'The DESCRIPTION file' in the 'Writing R Extensions'
    manual.
Flavor: r-devel-windows-x86_64-new-TK