Last updated on 2022-05-23 02:53:52 CEST.
Flavor | Version | Tinstall | Tcheck | Ttotal | Status | Flags |
---|---|---|---|---|---|---|
r-devel-linux-x86_64-debian-clang | 0.1.0 | 10.12 | 110.58 | 120.70 | OK | |
r-devel-linux-x86_64-debian-gcc | 0.1.0 | 8.84 | 81.59 | 90.43 | OK | |
r-devel-linux-x86_64-fedora-clang | 0.1.0 | 143.10 | NOTE | |||
r-devel-linux-x86_64-fedora-gcc | 0.1.0 | 128.32 | NOTE | |||
r-devel-windows-x86_64 | 0.1.0 | 16.00 | 118.00 | 134.00 | OK | |
r-patched-linux-x86_64 | 0.1.0 | 17.23 | 102.33 | 119.56 | OK | |
r-release-linux-x86_64 | 0.1.0 | 10.24 | 103.28 | 113.52 | OK | |
r-release-macos-arm64 | 0.1.0 | 38.00 | NOTE | |||
r-release-macos-x86_64 | 0.1.0 | 68.00 | NOTE | |||
r-release-windows-x86_64 | 0.1.0 | 15.00 | 121.00 | 136.00 | OK | |
r-oldrel-macos-arm64 | 0.1.0 | 39.00 | NOTE | |||
r-oldrel-macos-x86_64 | 0.1.0 | 75.00 | NOTE | |||
r-oldrel-windows-ix86+x86_64 | 0.1.0 | 27.00 | 112.00 | 139.00 | OK |
Version: 0.1.0
Check: dependencies in R code
Result: NOTE
Namespace in Imports field not imported from: ‘flexsurv’
All declared Imports should be used.
Flavors: r-devel-linux-x86_64-fedora-clang, r-devel-linux-x86_64-fedora-gcc, r-release-macos-arm64, r-release-macos-x86_64, r-oldrel-macos-arm64, r-oldrel-macos-x86_64