CRAN Package Check Results for Package wdman

Last updated on 2021-08-04 02:50:22 CEST.

Flavor Version Tinstall Tcheck Ttotal Status Flags
r-devel-linux-x86_64-debian-clang 0.2.5 3.66 35.26 38.92 NOTE
r-devel-linux-x86_64-debian-gcc 0.2.5 2.73 27.56 30.29 NOTE
r-devel-linux-x86_64-fedora-clang 0.2.5 56.02 NOTE
r-devel-linux-x86_64-fedora-gcc 0.2.5 45.13 NOTE
r-devel-windows-x86_64 0.2.5 4.00 55.00 59.00 NOTE
r-devel-windows-x86_64-gcc10-UCRT 0.2.5 NOTE
r-patched-linux-x86_64 0.2.5 3.44 33.92 37.36 NOTE
r-patched-solaris-x86 0.2.5 68.60 NOTE
r-release-linux-x86_64 0.2.5 3.15 34.01 37.16 NOTE
r-release-macos-arm64 0.2.5 NOTE
r-release-macos-x86_64 0.2.5 NOTE
r-release-windows-ix86+x86_64 0.2.5 8.00 40.00 48.00 NOTE
r-oldrel-macos-x86_64 0.2.5 OK
r-oldrel-windows-ix86+x86_64 0.2.5 6.00 57.00 63.00 OK

Check Details

Version: 0.2.5
Check: LazyData
Result: NOTE
     'LazyData' is specified without a 'data' directory
Flavors: r-devel-linux-x86_64-debian-clang, r-devel-linux-x86_64-debian-gcc, r-devel-linux-x86_64-fedora-clang, r-devel-linux-x86_64-fedora-gcc, r-devel-windows-x86_64, r-devel-windows-x86_64-gcc10-UCRT, r-patched-linux-x86_64, r-patched-solaris-x86, r-release-linux-x86_64, r-release-macos-arm64, r-release-macos-x86_64, r-release-windows-ix86+x86_64