Last updated on 2023-05-28 02:56:05 CEST.
Flavor | Version | Tinstall | Tcheck | Ttotal | Status | Flags |
---|---|---|---|---|---|---|
r-devel-linux-x86_64-debian-clang | 0.5.4 | 2.89 | 26.60 | 29.49 | OK | |
r-devel-linux-x86_64-debian-gcc | 0.5.4 | 2.05 | 21.19 | 23.24 | OK | |
r-devel-linux-x86_64-fedora-clang | 0.5.4 | 37.82 | OK | |||
r-devel-linux-x86_64-fedora-gcc | 0.5.4 | 35.24 | OK | |||
r-devel-windows-x86_64 | 0.5.4 | 4.00 | 43.00 | 47.00 | OK | --no-vignettes |
r-patched-linux-x86_64 | 0.5.4 | 2.93 | 25.95 | 28.88 | OK | |
r-release-linux-x86_64 | 0.5.4 | 2.76 | 25.99 | 28.75 | OK | |
r-release-macos-arm64 | 0.5.4 | 19.00 | NOTE | |||
r-release-macos-x86_64 | 0.5.4 | 22.00 | OK | |||
r-release-windows-x86_64 | 0.5.4 | 4.00 | 49.00 | 53.00 | OK | --no-vignettes |
r-oldrel-macos-arm64 | 0.5.4 | 17.00 | OK | |||
r-oldrel-macos-x86_64 | 0.5.4 | 23.00 | OK | |||
r-oldrel-windows-x86_64 | 0.5.4 | 5.00 | 53.00 | 58.00 | OK | --no-vignettes |
Version: 0.5.4
Check: package dependencies
Result: NOTE
Package suggested but not available for checking: ‘httpuv’
Flavor: r-release-macos-arm64