CRAN Package Check Results for Package widyr

Last updated on 2021-07-30 02:52:01 CEST.

Flavor Version Tinstall Tcheck Ttotal Status Flags
r-devel-linux-x86_64-debian-clang 0.1.3 WARN
r-devel-linux-x86_64-debian-gcc 0.1.3 7.52 87.88 95.40 WARN
r-devel-linux-x86_64-fedora-clang 0.1.3 138.03 WARN
r-devel-linux-x86_64-fedora-gcc 0.1.3 118.96 WARN
r-devel-windows-x86_64 0.1.3 17.00 141.00 158.00 WARN
r-devel-windows-x86_64-gcc10-UCRT 0.1.3 NOTE
r-patched-linux-x86_64 0.1.3 WARN
r-patched-solaris-x86 0.1.3 205.60 WARN
r-release-linux-x86_64 0.1.3 9.01 109.94 118.95 WARN
r-release-macos-arm64 0.1.3 WARN
r-release-macos-x86_64 0.1.3 NOTE
r-release-windows-ix86+x86_64 0.1.3 21.00 104.00 125.00 WARN
r-oldrel-macos-x86_64 0.1.3 OK
r-oldrel-windows-ix86+x86_64 0.1.3 25.00 141.00 166.00 WARN

Check Details

Version: 0.1.3
Check: package dependencies
Result: NOTE
    Package suggested but not available for checking: 'fuzzyjoin'
Flavor: r-devel-linux-x86_64-debian-clang

Version: 0.1.3
Check: LazyData
Result: NOTE
     'LazyData' is specified without a 'data' directory
Flavors: r-devel-linux-x86_64-debian-clang, r-devel-linux-x86_64-debian-gcc, r-devel-linux-x86_64-fedora-clang, r-devel-linux-x86_64-fedora-gcc, r-devel-windows-x86_64, r-devel-windows-x86_64-gcc10-UCRT, r-patched-linux-x86_64, r-patched-solaris-x86, r-release-linux-x86_64, r-release-macos-arm64, r-release-macos-x86_64, r-release-windows-ix86+x86_64

Version: 0.1.3
Check: re-building of vignette outputs
Result: WARN
    Error(s) in re-building vignettes:
     ...
    --- re-building 'intro.Rmd' using rmarkdown
    --- finished re-building 'intro.Rmd'
    
    --- re-building 'united_nations.Rmd' using rmarkdown
    
    Attaching package: 'dplyr'
    
    The following objects are masked from 'package:stats':
    
     filter, lag
    
    The following objects are masked from 'package:base':
    
     intersect, setdiff, setequal, union
    
    If you use data from the unvotes package, please cite the following:
    
    Erik Voeten "Data and Analyses of Voting in the UN General Assembly" Routledge Handbook of International Organization, edited by Bob Reinalda (published May 27, 2013)
    Warning: `tbl_df()` was deprecated in dplyr 1.0.0.
    Please use `tibble::as_tibble()` instead.
    This warning is displayed once every 8 hours.
    Call `lifecycle::last_warnings()` to see where this warning was generated.
    Quitting from lines 70-78 (united_nations.Rmd)
    Error: processing vignette 'united_nations.Rmd' failed with diagnostics:
    there is no package called 'fuzzyjoin'
    --- failed re-building 'united_nations.Rmd'
    
    SUMMARY: processing the following file failed:
     'united_nations.Rmd'
    
    Error: Vignette re-building failed.
    Execution halted
Flavor: r-devel-linux-x86_64-debian-clang

Version: 0.1.3
Check: re-building of vignette outputs
Result: WARN
    Error(s) in re-building vignettes:
     ...
    --- re-building ‘intro.Rmd’ using rmarkdown
    --- finished re-building ‘intro.Rmd’
    
    --- re-building ‘united_nations.Rmd’ using rmarkdown
    
    Attaching package: 'dplyr'
    
    The following objects are masked from 'package:stats':
    
     filter, lag
    
    The following objects are masked from 'package:base':
    
     intersect, setdiff, setequal, union
    
    If you use data from the unvotes package, please cite the following:
    
    Erik Voeten "Data and Analyses of Voting in the UN General Assembly" Routledge Handbook of International Organization, edited by Bob Reinalda (published May 27, 2013)
    Warning: `tbl_df()` was deprecated in dplyr 1.0.0.
    Please use `tibble::as_tibble()` instead.
    This warning is displayed once every 8 hours.
    Call `lifecycle::last_warnings()` to see where this warning was generated.
    Quitting from lines 81-92 (united_nations.Rmd)
    Error: processing vignette 'united_nations.Rmd' failed with diagnostics:
    Can't join on `x$a2` x `y$a2` because of incompatible types.
    ℹ `x$a2` is of type <logical>>.
    ℹ `y$a2` is of type <character>>.
    --- failed re-building ‘united_nations.Rmd’
    
    SUMMARY: processing the following file failed:
     ‘united_nations.Rmd’
    
    Error: Vignette re-building failed.
    Execution halted
Flavors: r-devel-linux-x86_64-debian-gcc, r-patched-linux-x86_64, r-release-linux-x86_64

Version: 0.1.3
Check: re-building of vignette outputs
Result: WARN
    Error(s) in re-building vignettes:
    --- re-building ‘intro.Rmd’ using rmarkdown
    --- finished re-building ‘intro.Rmd’
    
    --- re-building ‘united_nations.Rmd’ using rmarkdown
    
    Attaching package: 'dplyr'
    
    The following objects are masked from 'package:stats':
    
     filter, lag
    
    The following objects are masked from 'package:base':
    
     intersect, setdiff, setequal, union
    
    If you use data from the unvotes package, please cite the following:
    
    Erik Voeten "Data and Analyses of Voting in the UN General Assembly" Routledge Handbook of International Organization, edited by Bob Reinalda (published May 27, 2013)
    Warning: `tbl_df()` was deprecated in dplyr 1.0.0.
    Please use `tibble::as_tibble()` instead.
    This warning is displayed once every 8 hours.
    Call `lifecycle::last_warnings()` to see where this warning was generated.
    Quitting from lines 81-92 (united_nations.Rmd)
    Error: processing vignette 'united_nations.Rmd' failed with diagnostics:
    Can't join on `x$a2` x `y$a2` because of incompatible types.
    ℹ `x$a2` is of type <logical>>.
    ℹ `y$a2` is of type <character>>.
    --- failed re-building ‘united_nations.Rmd’
    
    SUMMARY: processing the following file failed:
     ‘united_nations.Rmd’
    
    Error: Vignette re-building failed.
    Execution halted
Flavors: r-devel-linux-x86_64-fedora-clang, r-devel-linux-x86_64-fedora-gcc

Version: 0.1.3
Check: re-building of vignette outputs
Result: WARN
    Error(s) in re-building vignettes:
    --- re-building 'intro.Rmd' using rmarkdown
    --- finished re-building 'intro.Rmd'
    
    --- re-building 'united_nations.Rmd' using rmarkdown
    
    Attaching package: 'dplyr'
    
    The following objects are masked from 'package:stats':
    
     filter, lag
    
    The following objects are masked from 'package:base':
    
     intersect, setdiff, setequal, union
    
    If you use data from the unvotes package, please cite the following:
    
    Erik Voeten "Data and Analyses of Voting in the UN General Assembly" Routledge Handbook of International Organization, edited by Bob Reinalda (published May 27, 2013)
    Warning: `tbl_df()` was deprecated in dplyr 1.0.0.
    Please use `tibble::as_tibble()` instead.
    This warning is displayed once every 8 hours.
    Call `lifecycle::last_warnings()` to see where this warning was generated.
    Quitting from lines 81-92 (united_nations.Rmd)
    Error: processing vignette 'united_nations.Rmd' failed with diagnostics:
    Can't join on `x$a2` x `y$a2` because of incompatible types.
    i `x$a2` is of type <logical>>.
    i `y$a2` is of type <character>>.
    --- failed re-building 'united_nations.Rmd'
    
    SUMMARY: processing the following file failed:
     'united_nations.Rmd'
    
    Error: Vignette re-building failed.
    Execution halted
Flavors: r-devel-windows-x86_64, r-release-windows-ix86+x86_64, r-oldrel-windows-ix86+x86_64

Version: 0.1.3
Check: re-building of vignette outputs
Result: WARN
    Error(s) in re-building vignettes:
     ...
    --- re-building ‘intro.Rmd’ using rmarkdown
    Warning in engine$weave(file, quiet = quiet, encoding = enc) :
     Pandoc (>= 1.12.3) not available. Falling back to R Markdown v1.
    --- finished re-building ‘intro.Rmd’
    
    --- re-building ‘united_nations.Rmd’ using rmarkdown
    Warning in engine$weave(file, quiet = quiet, encoding = enc) :
     Pandoc (>= 1.12.3) not available. Falling back to R Markdown v1.
    
    Attaching package: 'dplyr'
    
    The following objects are masked from 'package:stats':
    
     filter, lag
    
    The following objects are masked from 'package:base':
    
     intersect, setdiff, setequal, union
    
    If you use data from the unvotes package, please cite the following:
    
    Erik Voeten "Data and Analyses of Voting in the UN General Assembly" Routledge Handbook of International Organization, edited by Bob Reinalda (published May 27, 2013)
    Warning: `tbl_df()` was deprecated in dplyr 1.0.0.
    Please use `tibble::as_tibble()` instead.
    This warning is displayed once every 8 hours.
    Call `lifecycle::last_warnings()` to see where this warning was generated.
    Quitting from lines 81-92 (united_nations.Rmd)
    Error: processing vignette 'united_nations.Rmd' failed with diagnostics:
    Can't join on `x$a2` x `y$a2` because of incompatible types.
    ℹ `x$a2` is of type <logical>>.
    ℹ `y$a2` is of type <character>>.
    --- failed re-building ‘united_nations.Rmd’
    
    SUMMARY: processing the following file failed:
     ‘united_nations.Rmd’
    
    Error: Vignette re-building failed.
    Execution halted
Flavor: r-patched-solaris-x86

Version: 0.1.3
Check: re-building of vignette outputs
Result: WARN
    Error(s) in re-building vignettes:
    --- re-building ‘intro.Rmd’ using rmarkdown
    Warning in engine$weave(file, quiet = quiet, encoding = enc) :
     Pandoc (>= 1.12.3) not available. Falling back to R Markdown v1.
    --- finished re-building ‘intro.Rmd’
    
    --- re-building ‘united_nations.Rmd’ using rmarkdown
    Warning in engine$weave(file, quiet = quiet, encoding = enc) :
     Pandoc (>= 1.12.3) not available. Falling back to R Markdown v1.
    
    Attaching package: 'dplyr'
    
    The following objects are masked from 'package:stats':
    
     filter, lag
    
    The following objects are masked from 'package:base':
    
     intersect, setdiff, setequal, union
    
    If you use data from the unvotes package, please cite the following:
    
    Erik Voeten "Data and Analyses of Voting in the UN General Assembly" Routledge Handbook of International Organization, edited by Bob Reinalda (published May 27, 2013)
    Warning: `tbl_df()` was deprecated in dplyr 1.0.0.
    Please use `tibble::as_tibble()` instead.
    This warning is displayed once every 8 hours.
    Call `lifecycle::last_warnings()` to see where this warning was generated.
    Quitting from lines 81-92 (united_nations.Rmd)
    Error: processing vignette 'united_nations.Rmd' failed with diagnostics:
    Can't join on `x$a2` x `y$a2` because of incompatible types.
    ℹ `x$a2` is of type <logical>>.
    ℹ `y$a2` is of type <character>>.
    --- failed re-building ‘united_nations.Rmd’
    
    SUMMARY: processing the following file failed:
     ‘united_nations.Rmd’
    
    Error: Vignette re-building failed.
    Execution halted
Flavor: r-release-macos-arm64