CRAN Package Check Results for Package workflowr

Last updated on 2021-08-01 02:53:18 CEST.

Flavor Version Tinstall Tcheck Ttotal Status Flags
r-devel-linux-x86_64-debian-clang 1.6.2 9.20 193.23 202.43 NOTE
r-devel-linux-x86_64-debian-gcc 1.6.2 6.87 141.61 148.48 NOTE
r-devel-linux-x86_64-fedora-clang 1.6.2 241.95 NOTE
r-devel-linux-x86_64-fedora-gcc 1.6.2 229.20 NOTE
r-devel-windows-x86_64 1.6.2 10.00 185.00 195.00 WARN
r-devel-windows-x86_64-gcc10-UCRT 1.6.2 NOTE
r-patched-linux-x86_64 1.6.2 NOTE
r-patched-solaris-x86 1.6.2 215.40 NOTE
r-release-linux-x86_64 1.6.2 7.52 179.13 186.65 NOTE
r-release-macos-arm64 1.6.2 NOTE
r-release-macos-x86_64 1.6.2 NOTE
r-release-windows-ix86+x86_64 1.6.2 18.00 147.00 165.00 NOTE
r-oldrel-macos-x86_64 1.6.2 OK
r-oldrel-windows-ix86+x86_64 1.6.2 15.00 186.00 201.00 OK

Check Details

Version: 1.6.2
Check: LazyData
Result: NOTE
     'LazyData' is specified without a 'data' directory
Flavors: r-devel-linux-x86_64-debian-clang, r-devel-linux-x86_64-debian-gcc, r-devel-linux-x86_64-fedora-clang, r-devel-linux-x86_64-fedora-gcc, r-devel-windows-x86_64, r-devel-windows-x86_64-gcc10-UCRT, r-patched-linux-x86_64, r-patched-solaris-x86, r-release-linux-x86_64, r-release-macos-arm64, r-release-macos-x86_64, r-release-windows-ix86+x86_64

Version: 1.6.2
Check: whether package can be installed
Result: WARN
    Found the following significant warnings:
     Warning: S3 methods '$.tbl_df', '$<-.tbl_df', '[.tbl_df', '[<-.tbl_df', '[[.tbl_df', '[[<-.tbl_df', 'names<-.tbl_df', 'row.names<-.tbl_df', 'as.data.frame.tbl_df', 'as_tibble.NULL', 'as_tibble.data.frame', 'as_tibble.default', 'as_tibble.list', 'as_tibble.matrix', 'as_tibble.poly', 'as_tibble.table', 'as_tibble.ts', 'format.trunc_mat', 'print.trunc_mat', 'quote_n.character', 'quote_n.default', 'str.tbl_df', 'tbl_sum.tbl_df', 'vec_ptype_abbr.tbl_df' were declared in NAMESPACE but not found
Flavor: r-devel-windows-x86_64