CRAN Package Check Results for Package workflowsets

Last updated on 2021-07-29 02:51:32 CEST.

Flavor Version Tinstall Tcheck Ttotal Status Flags
r-devel-linux-x86_64-debian-clang 0.1.0 OK
r-devel-linux-x86_64-debian-gcc 0.1.0 16.07 297.39 313.46 OK
r-devel-linux-x86_64-fedora-clang 0.1.0 505.72 OK
r-devel-linux-x86_64-fedora-gcc 0.1.0 511.52 OK
r-devel-windows-x86_64 0.1.0 28.00 471.00 499.00 OK
r-devel-windows-x86_64-gcc10-UCRT 0.0.2 OK
r-patched-linux-x86_64 0.1.0 18.93 382.62 401.55 OK
r-patched-solaris-x86 0.1.0 732.80 OK
r-release-linux-x86_64 0.1.0 17.91 387.11 405.02 OK
r-release-macos-arm64 0.1.0 WARN
r-release-macos-x86_64 0.1.0 OK
r-release-windows-ix86+x86_64 0.1.0 40.00 359.00 399.00 OK
r-oldrel-macos-x86_64 0.1.0 OK
r-oldrel-windows-ix86+x86_64 0.1.0 30.00 305.00 335.00 OK

Check Details

Version: 0.1.0
Check: re-building of vignette outputs
Result: WARN
    Error(s) in re-building vignettes:
     ...
    --- re-building ‘evaluating-different-predictor-sets.Rmd’ using rmarkdown
    Warning in engine$weave(file, quiet = quiet, encoding = enc) :
     Pandoc (>= 1.12.3) not available. Falling back to R Markdown v1.
    Quitting from lines 89-127 (evaluating-different-predictor-sets.Rmd)
    Error: processing vignette 'evaluating-different-predictor-sets.Rmd' failed with diagnostics:
    polygon edge not found
    --- failed re-building ‘evaluating-different-predictor-sets.Rmd’
    
    SUMMARY: processing the following file failed:
     ‘evaluating-different-predictor-sets.Rmd’
    
    Error: Vignette re-building failed.
    Execution halted
Flavor: r-release-macos-arm64