CRAN Package Check Results for Package xSub

Last updated on 2022-10-03 03:55:18 CEST.

Flavor Version Tinstall Tcheck Ttotal Status Flags
r-devel-linux-x86_64-debian-clang 3.0.2 8.60 53.14 61.74 OK
r-devel-linux-x86_64-debian-gcc 3.0.2 6.53 40.86 47.39 OK
r-devel-linux-x86_64-fedora-clang 3.0.2 86.36 NOTE
r-devel-linux-x86_64-fedora-gcc 3.0.2 82.19 NOTE
r-devel-windows-x86_64 3.0.2 11.00 75.00 86.00 OK
r-patched-linux-x86_64 3.0.2 6.73 51.16 57.89 OK
r-release-linux-x86_64 3.0.2 5.07 50.14 55.21 OK
r-release-macos-arm64 3.0.2 28.00 NOTE
r-release-macos-x86_64 3.0.2 36.00 NOTE
r-release-windows-x86_64 3.0.2 17.00 76.00 93.00 OK
r-oldrel-macos-arm64 3.0.2 25.00 NOTE
r-oldrel-macos-x86_64 3.0.2 34.00 NOTE
r-oldrel-windows-ix86+x86_64 3.0.2 16.00 73.00 89.00 OK

Check Details

Version: 3.0.2
Check: data for non-ASCII characters
Result: NOTE
     Note: found 268 marked UTF-8 strings
Flavors: r-devel-linux-x86_64-fedora-clang, r-devel-linux-x86_64-fedora-gcc, r-release-macos-arm64, r-release-macos-x86_64, r-oldrel-macos-arm64, r-oldrel-macos-x86_64