CRAN Package Check Results for Package xrnet

Last updated on 2022-07-04 02:53:47 CEST.

Flavor Version Tinstall Tcheck Ttotal Status Flags
r-devel-linux-x86_64-debian-clang 0.1.7 116.62 58.61 175.23 OK
r-devel-linux-x86_64-debian-gcc 0.1.7 99.22 50.41 149.63 OK
r-devel-linux-x86_64-fedora-clang 0.1.7 253.38 NOTE
r-devel-linux-x86_64-fedora-gcc 0.1.7 255.93 OK
r-devel-windows-x86_64 0.1.7 90.00 115.00 205.00 OK
r-patched-linux-x86_64 0.1.7 105.79 60.99 166.78 OK
r-release-linux-x86_64 0.1.7 108.24 62.07 170.31 OK
r-release-macos-arm64 0.1.7 67.00 NOTE
r-release-macos-x86_64 0.1.7 86.00 NOTE
r-release-windows-x86_64 0.1.7 97.00 119.00 216.00 OK
r-oldrel-macos-arm64 0.1.7 77.00 NOTE
r-oldrel-macos-x86_64 0.1.7 131.00 NOTE
r-oldrel-windows-ix86+x86_64 0.1.7 242.00 151.00 393.00 OK

Check Details

Version: 0.1.7
Check: installed package size
Result: NOTE
     installed size is 22.1Mb
     sub-directories of 1Mb or more:
     libs 21.7Mb
Flavors: r-devel-linux-x86_64-fedora-clang, r-release-macos-arm64, r-release-macos-x86_64, r-oldrel-macos-arm64, r-oldrel-macos-x86_64